Last updated on 2025-05-06 03:51:15 CEST.
Flavor | Version | Tinstall | Tcheck | Ttotal | Status | Flags |
---|---|---|---|---|---|---|
r-devel-linux-x86_64-debian-clang | 1.1.1 | 18.56 | 39.75 | 58.31 | NOTE | |
r-devel-linux-x86_64-debian-gcc | 1.1.1 | 14.03 | 31.09 | 45.12 | NOTE | |
r-devel-linux-x86_64-fedora-clang | 1.1.1 | 108.00 | NOTE | |||
r-devel-linux-x86_64-fedora-gcc | 1.1.1 | 110.20 | NOTE | |||
r-devel-windows-x86_64 | 1.1.1 | 22.00 | 75.00 | 97.00 | OK | |
r-patched-linux-x86_64 | 1.1.1 | 15.96 | 39.30 | 55.26 | OK | |
r-release-linux-x86_64 | 1.1.1 | 18.25 | 39.24 | 57.49 | OK | |
r-release-macos-arm64 | 1.1.1 | 34.00 | OK | |||
r-release-macos-x86_64 | 1.1.1 | 51.00 | OK | |||
r-release-windows-x86_64 | 1.1.1 | 24.00 | 74.00 | 98.00 | OK | |
r-oldrel-macos-arm64 | 1.1.1 | 26.00 | OK | |||
r-oldrel-macos-x86_64 | 1.1.1 | 43.00 | OK | |||
r-oldrel-windows-x86_64 | 1.1.1 | 27.00 | 93.00 | 120.00 | OK |
Version: 1.1.1
Check: CRAN incoming feasibility
Result: NOTE
Maintainer: ‘Loïc Schwaller <loic.schwaller@ens-lyon.org>’
No Authors@R field in DESCRIPTION.
Please add one, modifying
Authors@R: person(given = "Loïc",
family = "Schwaller",
role = c("aut", "cre"),
email = "loic.schwaller@ens-lyon.org")
as necessary.
File 'R/saturnin-internal.R' sets .Random.seed.
This is usually neither needed nor wanted.
Flavors: r-devel-linux-x86_64-debian-clang, r-devel-linux-x86_64-debian-gcc
Version: 1.1.1
Check: compiled code
Result: NOTE
File ‘saturnin/libs/saturnin.so’:
Found no calls to: ‘R_registerRoutines’, ‘R_useDynamicSymbols’
It is good practice to register native routines and to disable symbol
search.
See ‘Writing portable packages’ in the ‘Writing R Extensions’ manual.
Flavors: r-devel-linux-x86_64-fedora-clang, r-devel-linux-x86_64-fedora-gcc