Last updated on 2025-05-04 03:51:05 CEST.
Flavor | Version | Tinstall | Tcheck | Ttotal | Status | Flags |
---|---|---|---|---|---|---|
r-devel-linux-x86_64-debian-clang | 1.0-1 | 4.79 | 28.73 | 33.52 | NOTE | |
r-devel-linux-x86_64-debian-gcc | 1.0-1 | 3.71 | 22.58 | 26.29 | NOTE | |
r-devel-linux-x86_64-fedora-clang | 1.0-1 | 54.96 | OK | |||
r-devel-linux-x86_64-fedora-gcc | 1.0-1 | 55.08 | OK | |||
r-devel-windows-x86_64 | 1.0-1 | 8.00 | 76.00 | 84.00 | NOTE | |
r-patched-linux-x86_64 | 1.0-1 | 5.01 | 27.63 | 32.64 | NOTE | |
r-release-linux-x86_64 | NOTE | |||||
r-release-macos-arm64 | 1.0-1 | 29.00 | OK | |||
r-release-macos-x86_64 | 1.0-1 | 34.00 | OK | |||
r-release-windows-x86_64 | 1.0-1 | 8.00 | 58.00 | 66.00 | NOTE | |
r-oldrel-macos-arm64 | 1.0-1 | 19.00 | OK | |||
r-oldrel-macos-x86_64 | 1.0-1 | 29.00 | OK | |||
r-oldrel-windows-x86_64 | 1.0-1 | 8.00 | 67.00 | 75.00 | OK |
Version: 1.0-1
Check: CRAN incoming feasibility
Result: NOTE
Maintainer: ‘Surya Tokdar <surya.tokdar@duke.edu>’
No Authors@R field in DESCRIPTION.
Please add one, modifying
Authors@R: person(given = "Surya",
family = "Tokdar",
role = c("aut", "cre"),
email = "surya.tokdar@duke.edu")
as necessary.
Flavors: r-devel-linux-x86_64-debian-clang, r-devel-linux-x86_64-debian-gcc
Version: 1.0-1
Check: Rd cross-references
Result: NOTE
Found the following Rd file(s) with Rd \link{} targets missing package
anchors:
summary.sbde.Rd: geweke.diag
Please provide package anchors for all Rd \link{} targets not in the
package itself and the base packages.
Flavors: r-devel-linux-x86_64-debian-clang, r-devel-linux-x86_64-debian-gcc, r-devel-windows-x86_64, r-patched-linux-x86_64, r-release-linux-x86_64, r-release-windows-x86_64