Last updated on 2025-07-04 03:50:38 CEST.
Flavor | Version | Tinstall | Tcheck | Ttotal | Status | Flags |
---|---|---|---|---|---|---|
r-devel-linux-x86_64-debian-clang | 0.5.0 | 67.75 | 142.98 | 210.73 | NOTE | |
r-devel-linux-x86_64-debian-gcc | 0.5.0 | 45.99 | 97.17 | 143.16 | NOTE | |
r-devel-linux-x86_64-fedora-clang | 0.5.0 | 354.26 | NOTE | |||
r-devel-linux-x86_64-fedora-gcc | 0.5.0 | 373.03 | NOTE | |||
r-devel-windows-x86_64 | 0.5.0 | 80.00 | 164.00 | 244.00 | NOTE | |
r-patched-linux-x86_64 | 0.5.0 | 71.12 | 133.19 | 204.31 | NOTE | |
r-release-linux-x86_64 | 0.5.0 | 65.26 | 130.78 | 196.04 | NOTE | |
r-release-macos-arm64 | 0.5.0 | 103.00 | NOTE | |||
r-release-macos-x86_64 | 0.5.0 | 205.00 | NOTE | |||
r-release-windows-x86_64 | 0.5.0 | 81.00 | 157.00 | 238.00 | NOTE | |
r-oldrel-macos-arm64 | 0.5.0 | 106.00 | NOTE | |||
r-oldrel-macos-x86_64 | 0.5.0 | 154.00 | NOTE | |||
r-oldrel-windows-x86_64 | 0.5.0 | 95.00 | 207.00 | 302.00 | NOTE |
Version: 0.5.0
Check: CRAN incoming feasibility
Result: NOTE
Maintainer: ‘Valerio Gherardi <vgherard@sissa.it>’
No Authors@R field in DESCRIPTION.
Please add one, modifying
Authors@R: person(given = "Valerio",
family = "Gherardi",
role = c("aut", "cre"),
email = "vgherard@sissa.it")
as necessary.
Flavors: r-devel-linux-x86_64-debian-clang, r-devel-linux-x86_64-debian-gcc
Version: 0.5.0
Check: C++ specification
Result: NOTE
Specified C++11: please drop specification unless essential
Flavors: r-devel-linux-x86_64-debian-clang, r-devel-linux-x86_64-debian-gcc, r-devel-linux-x86_64-fedora-clang, r-devel-linux-x86_64-fedora-gcc, r-devel-windows-x86_64, r-patched-linux-x86_64, r-release-linux-x86_64, r-release-macos-arm64, r-release-macos-x86_64, r-release-windows-x86_64, r-oldrel-macos-arm64, r-oldrel-macos-x86_64, r-oldrel-windows-x86_64
Version: 0.5.0
Check: installed package size
Result: NOTE
installed size is 8.7Mb
sub-directories of 1Mb or more:
data 4.9Mb
libs 3.5Mb
Flavors: r-oldrel-macos-arm64, r-oldrel-macos-x86_64, r-oldrel-windows-x86_64