Last updated on 2025-05-06 03:51:15 CEST.
Flavor | Version | Tinstall | Tcheck | Ttotal | Status | Flags |
---|---|---|---|---|---|---|
r-devel-linux-x86_64-debian-clang | 0.2 | 131.04 | 80.58 | 211.62 | NOTE | |
r-devel-linux-x86_64-debian-gcc | 0.2 | 93.19 | 53.29 | 146.48 | OK | |
r-devel-linux-x86_64-fedora-clang | 0.2 | 374.17 | OK | |||
r-devel-linux-x86_64-fedora-gcc | 0.2 | 374.50 | OK | |||
r-devel-windows-x86_64 | 0.2 | 143.00 | 81.00 | 224.00 | OK | |
r-patched-linux-x86_64 | 0.2 | 125.98 | 56.38 | 182.36 | OK | |
r-release-linux-x86_64 | 0.2 | 127.87 | 56.67 | 184.54 | OK | |
r-release-macos-arm64 | 0.2 | 74.00 | OK | |||
r-release-macos-x86_64 | 0.2 | 93.00 | OK | |||
r-release-windows-x86_64 | 0.2 | 144.00 | 85.00 | 229.00 | OK | |
r-oldrel-macos-arm64 | 0.2 | 70.00 | NOTE | |||
r-oldrel-macos-x86_64 | 0.2 | 86.00 | NOTE | |||
r-oldrel-windows-x86_64 | 0.2 | 167.00 | 106.00 | 273.00 | OK |
Version: 0.2
Check: examples
Result: NOTE
Examples with CPU time > 2.5 times elapsed time
user system elapsed ratio
rhierLinearMixtureParallel 20.664 1.066 7.96 2.73
Flavor: r-devel-linux-x86_64-debian-clang
Version: 0.2
Check: installed package size
Result: NOTE
installed size is 8.8Mb
sub-directories of 1Mb or more:
libs 8.6Mb
Flavors: r-oldrel-macos-arm64, r-oldrel-macos-x86_64