CRAN Package Check Results for Package scalreg

Last updated on 2025-05-04 03:51:05 CEST.

Flavor Version Tinstall Tcheck Ttotal Status Flags
r-devel-linux-x86_64-debian-clang 1.0.1 1.88 22.18 24.06 NOTE
r-devel-linux-x86_64-debian-gcc 1.0.1 1.29 18.50 19.79 NOTE
r-devel-linux-x86_64-fedora-clang 1.0.1 38.05 OK
r-devel-linux-x86_64-fedora-gcc 1.0.1 36.58 OK
r-devel-windows-x86_64 1.0.1 3.00 51.00 54.00 OK
r-patched-linux-x86_64 1.0.1 1.91 21.77 23.68 OK
r-release-linux-x86_64 OK
r-release-macos-arm64 1.0.1 21.00 OK
r-release-macos-x86_64 1.0.1 36.00 OK
r-release-windows-x86_64 1.0.1 3.00 55.00 58.00 OK
r-oldrel-macos-arm64 1.0.1 19.00 OK
r-oldrel-macos-x86_64 1.0.1 28.00 OK
r-oldrel-windows-x86_64 1.0.1 3.00 50.00 53.00 OK

Check Details

Version: 1.0.1
Check: CRAN incoming feasibility
Result: NOTE Maintainer: ‘Tingni Sun <tingni@wharton.upenn.edu>’ No Authors@R field in DESCRIPTION. Please add one, modifying Authors@R: person(given = "Tingni", family = "Sun", role = c("aut", "cre"), email = "tingni@wharton.upenn.edu") as necessary. Flavors: r-devel-linux-x86_64-debian-clang, r-devel-linux-x86_64-debian-gcc