Last updated on 2025-05-06 03:51:15 CEST.
Flavor | Version | Tinstall | Tcheck | Ttotal | Status | Flags |
---|---|---|---|---|---|---|
r-devel-linux-x86_64-debian-clang | 1.6 | 4.45 | 53.27 | 57.72 | NOTE | |
r-devel-linux-x86_64-debian-gcc | 1.6 | 3.01 | 39.99 | 43.00 | NOTE | |
r-devel-linux-x86_64-fedora-clang | 1.6 | 96.66 | OK | |||
r-devel-linux-x86_64-fedora-gcc | 1.6 | 100.64 | OK | |||
r-devel-windows-x86_64 | 1.6 | 6.00 | 115.00 | 121.00 | OK | |
r-patched-linux-x86_64 | 1.6 | 5.52 | 51.55 | 57.07 | OK | |
r-release-linux-x86_64 | 1.6 | 3.82 | 50.87 | 54.69 | OK | |
r-release-macos-arm64 | 1.6 | 38.00 | OK | |||
r-release-macos-x86_64 | 1.6 | 80.00 | OK | |||
r-release-windows-x86_64 | 1.6 | 7.00 | 116.00 | 123.00 | OK | |
r-oldrel-macos-arm64 | 1.6 | 43.00 | NOTE | |||
r-oldrel-macos-x86_64 | 1.6 | 59.00 | NOTE | |||
r-oldrel-windows-x86_64 | 1.6 | 8.00 | 116.00 | 124.00 | NOTE |
Version: 1.6
Check: CRAN incoming feasibility
Result: NOTE
Maintainer: ‘Blair Drummond <blair.robert.drummond@gmail.com>’
No Authors@R field in DESCRIPTION.
Please add one, modifying
Authors@R: c(person(given = "Blair",
family = "Drummomd",
role = "aut"),
person(given = "Mathieu",
family = "Dextraze",
role = "ctb"),
person(given = "Blair",
family = "Drummond",
role = "cre",
email = "blair.robert.drummond@gmail.com"))
as necessary.
Flavors: r-devel-linux-x86_64-debian-clang, r-devel-linux-x86_64-debian-gcc
Version: 1.6
Check: LazyData
Result: NOTE
'LazyData' is specified without a 'data' directory
Flavors: r-oldrel-macos-arm64, r-oldrel-macos-x86_64, r-oldrel-windows-x86_64