Last updated on 2025-11-04 03:51:06 CET.
| Flavor | Version | Tinstall | Tcheck | Ttotal | Status | Flags | 
|---|---|---|---|---|---|---|
| r-devel-linux-x86_64-debian-clang | 1.6 | 3.91 | 80.25 | 84.16 | NOTE | |
| r-devel-linux-x86_64-debian-gcc | 1.6 | 3.37 | 42.75 | 46.12 | NOTE | |
| r-devel-linux-x86_64-fedora-clang | 1.6 | 11.00 | 104.58 | 115.58 | OK | |
| r-devel-linux-x86_64-fedora-gcc | 1.6 | 11.00 | 114.87 | 125.87 | OK | |
| r-devel-windows-x86_64 | 1.6 | 7.00 | 115.00 | 122.00 | OK | |
| r-patched-linux-x86_64 | 1.6 | 4.83 | 76.52 | 81.35 | OK | |
| r-release-linux-x86_64 | 1.6 | 4.53 | 55.69 | 60.22 | OK | |
| r-release-macos-arm64 | 1.6 | 2.00 | 36.00 | 38.00 | OK | |
| r-release-macos-x86_64 | 1.6 | 4.00 | 76.00 | 80.00 | OK | |
| r-release-windows-x86_64 | 1.6 | 7.00 | 112.00 | 119.00 | OK | |
| r-oldrel-macos-arm64 | 1.6 | 3.00 | 40.00 | 43.00 | NOTE | |
| r-oldrel-macos-x86_64 | 1.6 | 3.00 | 56.00 | 59.00 | NOTE | |
| r-oldrel-windows-x86_64 | 1.6 | 9.00 | 119.00 | 128.00 | NOTE | 
Version: 1.6
Check: CRAN incoming feasibility
Result: NOTE
  Maintainer: ‘Blair Drummond <blair.robert.drummond@gmail.com>’
  
  No Authors@R field in DESCRIPTION.
  Please add one, modifying
    Authors@R: c(person(given = "Blair",
                        family = "Drummomd",
                        role = "aut"),
                 person(given = "Mathieu",
                        family = "Dextraze",
                        role = "ctb"),
                 person(given = "Blair",
                        family = "Drummond",
                        role = "cre",
                        email = "blair.robert.drummond@gmail.com"))
  as necessary.
Flavors: r-devel-linux-x86_64-debian-clang, r-devel-linux-x86_64-debian-gcc
Version: 1.6
Check: LazyData
Result: NOTE
    'LazyData' is specified without a 'data' directory
Flavors: r-oldrel-macos-arm64, r-oldrel-macos-x86_64, r-oldrel-windows-x86_64