CRAN Package Check Results for Package scientoText

Last updated on 2025-05-04 03:51:06 CEST.

Flavor Version Tinstall Tcheck Ttotal Status Flags
r-devel-linux-x86_64-debian-clang 0.1 4.18 30.85 35.03 NOTE
r-devel-linux-x86_64-debian-gcc 0.1 3.17 24.21 27.38 NOTE
r-devel-linux-x86_64-fedora-clang 0.1 55.75 OK
r-devel-linux-x86_64-fedora-gcc 0.1 52.19 OK
r-devel-windows-x86_64 0.1 5.00 60.00 65.00 OK
r-patched-linux-x86_64 0.1 3.79 29.81 33.60 OK
r-release-linux-x86_64 OK
r-release-macos-arm64 0.1 25.00 OK
r-release-macos-x86_64 0.1 39.00 OK
r-release-windows-x86_64 0.1 6.00 51.00 57.00 OK
r-oldrel-macos-arm64 0.1 21.00 NOTE
r-oldrel-macos-x86_64 0.1 30.00 NOTE
r-oldrel-windows-x86_64 0.1 6.00 58.00 64.00 NOTE

Check Details

Version: 0.1
Check: CRAN incoming feasibility
Result: NOTE Maintainer: ‘Ashraf Uddin <mdaakib18@gmail.com>’ No Authors@R field in DESCRIPTION. Please add one, modifying Authors@R: person(given = "Ashraf", family = "Uddin", role = c("aut", "cre"), email = "mdaakib18@gmail.com") as necessary. Flavors: r-devel-linux-x86_64-debian-clang, r-devel-linux-x86_64-debian-gcc

Version: 0.1
Check: LazyData
Result: NOTE 'LazyData' is specified without a 'data' directory Flavors: r-oldrel-macos-arm64, r-oldrel-macos-x86_64, r-oldrel-windows-x86_64