Last updated on 2025-10-31 02:50:43 CET.
| Flavor | Version | Tinstall | Tcheck | Ttotal | Status | Flags | 
|---|---|---|---|---|---|---|
| r-devel-linux-x86_64-debian-clang | 0.1.0 | 24.19 | 223.12 | 247.31 | NOTE | |
| r-devel-linux-x86_64-debian-gcc | 0.1.0 | 15.95 | 153.00 | 168.95 | NOTE | |
| r-devel-linux-x86_64-fedora-clang | 0.1.0 | 184.00 | 222.68 | 406.68 | OK | |
| r-devel-linux-x86_64-fedora-gcc | 0.1.0 | 133.00 | 236.68 | 369.68 | OK | |
| r-devel-windows-x86_64 | 0.1.0 | 24.00 | 181.00 | 205.00 | OK | |
| r-patched-linux-x86_64 | 0.1.0 | 21.84 | 211.10 | 232.94 | OK | |
| r-release-linux-x86_64 | 0.1.0 | 23.49 | 211.62 | 235.11 | OK | |
| r-release-macos-arm64 | 0.1.0 | 10.00 | 83.00 | 93.00 | OK | |
| r-release-macos-x86_64 | 0.1.0 | 19.00 | 291.00 | 310.00 | OK | |
| r-release-windows-x86_64 | 0.1.0 | 25.00 | 179.00 | 204.00 | OK | |
| r-oldrel-macos-arm64 | 0.1.0 | 10.00 | 145.00 | 155.00 | OK | |
| r-oldrel-macos-x86_64 | 0.1.0 | 15.00 | 230.00 | 245.00 | OK | |
| r-oldrel-windows-x86_64 | 0.1.0 | 34.00 | 244.00 | 278.00 | OK | 
Version: 0.1.0
Check: CRAN incoming feasibility
Result: NOTE
  Maintainer: ‘Stefan Peidli <stefanpeidli@gmail.com>’
  
  No Authors@R field in DESCRIPTION.
  Please add one, modifying
    Authors@R: person(given = "Stefan",
                      family = "Peidli",
                      role = c("aut", "cre"),
                      email = "stefanpeidli@gmail.com")
  as necessary.
Flavors: r-devel-linux-x86_64-debian-clang, r-devel-linux-x86_64-debian-gcc