Last updated on 2025-05-06 03:51:15 CEST.
Flavor | Version | Tinstall | Tcheck | Ttotal | Status | Flags |
---|---|---|---|---|---|---|
r-devel-linux-x86_64-debian-clang | 1.0.5 | 8.20 | 56.88 | 65.08 | NOTE | |
r-devel-linux-x86_64-debian-gcc | 1.0.5 | 6.74 | 41.92 | 48.66 | NOTE | |
r-devel-linux-x86_64-fedora-clang | 1.0.5 | 97.93 | OK | |||
r-devel-linux-x86_64-fedora-gcc | 1.0.5 | 94.30 | OK | |||
r-devel-windows-x86_64 | 1.0.5 | 11.00 | 70.00 | 81.00 | OK | |
r-patched-linux-x86_64 | 1.0.5 | 6.92 | 54.52 | 61.44 | OK | |
r-release-linux-x86_64 | 1.0.5 | 7.74 | 53.66 | 61.40 | OK | |
r-release-macos-arm64 | 1.0.5 | 42.00 | OK | |||
r-release-macos-x86_64 | 1.0.5 | 57.00 | OK | |||
r-release-windows-x86_64 | 1.0.5 | 11.00 | 72.00 | 83.00 | OK | |
r-oldrel-macos-arm64 | 1.0.5 | 33.00 | OK | |||
r-oldrel-macos-x86_64 | 1.0.5 | 46.00 | OK | |||
r-oldrel-windows-x86_64 | 1.0.5 | 12.00 | 85.00 | 97.00 | OK |
Version: 1.0.5
Check: CRAN incoming feasibility
Result: NOTE
Maintainer: ‘Boxiang Wang <boxiang-wang@uiowa.edu>’
No Authors@R field in DESCRIPTION.
Please add one, modifying
Authors@R: c(person(given = "Boxiang",
family = "Wang",
role = c("aut", "cre"),
email = "boxiang-wang@uiowa.edu"),
person(given = "Hui",
family = "Zou",
role = "aut"))
as necessary.
Flavors: r-devel-linux-x86_64-debian-clang, r-devel-linux-x86_64-debian-gcc