Last updated on 2025-10-31 02:50:43 CET.
| Flavor | Version | Tinstall | Tcheck | Ttotal | Status | Flags | 
|---|---|---|---|---|---|---|
| r-devel-linux-x86_64-debian-clang | 1.1.0 | 2.32 | 21.71 | 24.03 | OK | |
| r-devel-linux-x86_64-debian-gcc | 1.1.0 | 1.64 | 17.49 | 19.13 | OK | |
| r-devel-linux-x86_64-fedora-clang | 1.1.0 | 36.11 | OK | |||
| r-devel-linux-x86_64-fedora-gcc | 1.1.0 | 34.67 | OK | |||
| r-devel-windows-x86_64 | 1.1.0 | 3.00 | 39.00 | 42.00 | ERROR | |
| r-patched-linux-x86_64 | 1.1.0 | 2.42 | 20.64 | 23.06 | OK | |
| r-release-linux-x86_64 | 1.1.0 | 2.25 | 20.56 | 22.81 | OK | |
| r-release-macos-arm64 | 1.1.0 | 1.00 | 17.00 | 18.00 | OK | |
| r-release-macos-x86_64 | 1.1.0 | 2.00 | 22.00 | 24.00 | OK | |
| r-release-windows-x86_64 | 1.1.0 | 4.00 | 41.00 | 45.00 | ERROR | |
| r-oldrel-macos-arm64 | 1.1.0 | 1.00 | 16.00 | 17.00 | NOTE | |
| r-oldrel-macos-x86_64 | 1.1.0 | 2.00 | 21.00 | 23.00 | NOTE | |
| r-oldrel-windows-x86_64 | 1.1.0 | 4.00 | 44.00 | 48.00 | ERROR | 
Version: 1.1.0
Check: examples
Result: ERROR
  Running examples in 'seeclickfixr-Ex.R' failed
  The error most likely occurred in:
  
  > ### Name: list_places
  > ### Title: Query sub-city neighborhoods in which issues can be reported.
  > ### Aliases: list_places
  > 
  > ### ** Examples
  > 
  > list_places("Boston, MA",limit = 5)
  Error: lexical error: invalid char in json text.
                                         <!DOCTYPE html><html lang="en-U
                       (right here) ------^
  Execution halted
Flavors: r-devel-windows-x86_64, r-release-windows-x86_64, r-oldrel-windows-x86_64
Version: 1.1.0
Check: LazyData
Result: NOTE
    'LazyData' is specified without a 'data' directory
Flavors: r-oldrel-macos-arm64, r-oldrel-macos-x86_64, r-oldrel-windows-x86_64