Last updated on 2025-07-24 03:50:12 CEST.
Flavor | Version | Tinstall | Tcheck | Ttotal | Status | Flags |
---|---|---|---|---|---|---|
r-devel-linux-x86_64-debian-clang | 0.2.0 | 9.86 | 52.19 | 62.05 | NOTE | --no-vignettes |
r-devel-linux-x86_64-debian-gcc | 0.2.0 | 7.82 | 39.14 | 46.96 | NOTE | --no-vignettes |
r-devel-linux-x86_64-fedora-clang | 0.2.0 | 614.96 | OK | |||
r-devel-linux-x86_64-fedora-gcc | 0.2.0 | 620.30 | OK | |||
r-devel-windows-x86_64 | 0.2.0 | 14.00 | 323.00 | 337.00 | OK | |
r-patched-linux-x86_64 | 0.2.0 | 10.24 | 48.46 | 58.70 | OK | --no-vignettes |
r-release-linux-x86_64 | 0.2.0 | 9.59 | 48.90 | 58.49 | OK | --no-vignettes |
r-release-macos-arm64 | 0.2.0 | 204.00 | OK | |||
r-release-macos-x86_64 | 0.2.0 | 398.00 | OK | |||
r-release-windows-x86_64 | 0.2.0 | 15.00 | 353.00 | 368.00 | OK | |
r-oldrel-macos-arm64 | 0.2.0 | 191.00 | OK | |||
r-oldrel-macos-x86_64 | 0.2.0 | 388.00 | OK | |||
r-oldrel-windows-x86_64 | 0.2.0 | 18.00 | 504.00 | 522.00 | OK |
Version: 0.2.0
Flags: --no-vignettes
Check: CRAN incoming feasibility
Result: NOTE
Maintainer: ‘Thales Mello <thalesmello@gmail.com>’
The Description field contains
Leonardi (2018) <arXiv:1501.01756>. The Berlin weather sample dataset
Please refer to arXiv e-prints via their arXiv DOI <doi:10.48550/arXiv.YYMM.NNNNN>.
Flavors: r-devel-linux-x86_64-debian-clang, r-devel-linux-x86_64-debian-gcc