CRAN Package Check Results for Package semantic.assets

Last updated on 2025-07-24 03:50:12 CEST.

Flavor Version Tinstall Tcheck Ttotal Status Flags
r-devel-linux-x86_64-debian-clang 1.1.0 2.51 24.25 26.76 OK
r-devel-linux-x86_64-debian-gcc 1.1.0 2.12 20.84 22.96 OK
r-devel-linux-x86_64-fedora-clang 1.1.0 39.90 OK
r-devel-linux-x86_64-fedora-gcc 1.1.0 39.67 OK
r-devel-windows-x86_64 1.1.0 8.00 44.00 52.00 OK
r-patched-linux-x86_64 1.1.0 2.87 22.63 25.50 OK
r-release-linux-x86_64 1.1.0 1.95 22.31 24.26 OK
r-release-macos-arm64 1.1.0 21.00 OK
r-release-macos-x86_64 1.1.0 34.00 OK
r-release-windows-x86_64 1.1.0 8.00 46.00 54.00 OK
r-oldrel-macos-arm64 1.1.0 19.00 NOTE
r-oldrel-macos-x86_64 1.1.0 29.00 NOTE
r-oldrel-windows-x86_64 1.1.0 8.00 48.00 56.00 NOTE

Check Details

Version: 1.1.0
Check: installed package size
Result: NOTE installed size is 34.5Mb sub-directories of 1Mb or more: www 34.4Mb Flavors: r-oldrel-macos-arm64, r-oldrel-macos-x86_64, r-oldrel-windows-x86_64