Last updated on 2025-05-06 03:51:15 CEST.
Flavor | Version | Tinstall | Tcheck | Ttotal | Status | Flags |
---|---|---|---|---|---|---|
r-devel-linux-x86_64-debian-clang | 2.1 | 1.91 | 28.61 | 30.52 | NOTE | |
r-devel-linux-x86_64-debian-gcc | 2.1 | 1.58 | 21.52 | 23.10 | NOTE | |
r-devel-linux-x86_64-fedora-clang | 2.1 | 47.33 | OK | |||
r-devel-linux-x86_64-fedora-gcc | 2.1 | 48.70 | OK | |||
r-devel-windows-x86_64 | 2.1 | 3.00 | 48.00 | 51.00 | OK | |
r-patched-linux-x86_64 | 2.1 | 2.15 | 27.55 | 29.70 | OK | |
r-release-linux-x86_64 | 2.1 | 2.01 | 27.29 | 29.30 | OK | |
r-release-macos-arm64 | 2.1 | 19.00 | OK | |||
r-release-macos-x86_64 | 2.1 | 29.00 | OK | |||
r-release-windows-x86_64 | 2.1 | 3.00 | 50.00 | 53.00 | OK | |
r-oldrel-macos-arm64 | 2.1 | 18.00 | OK | |||
r-oldrel-macos-x86_64 | 2.1 | 25.00 | OK | |||
r-oldrel-windows-x86_64 | 2.1 | 4.00 | 47.00 | 51.00 | OK |
Version: 2.1
Check: CRAN incoming feasibility
Result: NOTE
Maintainer: ‘Paul R. Rosenbaum <rosenbaum@wharton.upenn.edu>’
No Authors@R field in DESCRIPTION.
Please add one, modifying
Authors@R: person(given = c("Paul", "R."),
family = "Rosenbaum",
role = c("aut", "cre"),
email = "rosenbaum@wharton.upenn.edu")
as necessary.
Flavors: r-devel-linux-x86_64-debian-clang, r-devel-linux-x86_64-debian-gcc