Last updated on 2025-07-25 03:51:36 CEST.
Flavor | Version | Tinstall | Tcheck | Ttotal | Status | Flags |
---|---|---|---|---|---|---|
r-devel-linux-x86_64-debian-clang | 0.2.9 | 44.06 | 325.32 | 369.38 | OK | |
r-devel-linux-x86_64-debian-gcc | 0.2.9 | 37.14 | 380.55 | 417.69 | OK | |
r-devel-linux-x86_64-fedora-clang | 0.2.9 | 591.19 | OK | |||
r-devel-linux-x86_64-fedora-gcc | 0.2.9 | 972.69 | OK | |||
r-devel-windows-x86_64 | 0.2.9 | 69.00 | 306.00 | 375.00 | OK | |
r-patched-linux-x86_64 | 0.2.9 | 51.99 | 562.43 | 614.42 | OK | |
r-release-linux-x86_64 | 0.2.9 | 50.64 | 577.91 | 628.55 | OK | |
r-release-macos-arm64 | 0.2.9 | 214.00 | OK | |||
r-release-macos-x86_64 | 0.2.9 | 344.00 | OK | |||
r-release-windows-x86_64 | 0.2.9 | 66.00 | 298.00 | 364.00 | OK | |
r-oldrel-macos-arm64 | 0.2.9 | 377.00 | NOTE | |||
r-oldrel-macos-x86_64 | 0.2.9 | 513.00 | NOTE | |||
r-oldrel-windows-x86_64 | 0.2.9 | 76.00 | 789.00 | 865.00 | NOTE |
Version: 0.2.9
Check: installed package size
Result: NOTE
installed size is 5.9Mb
sub-directories of 1Mb or more:
data 1.1Mb
libs 4.3Mb
Flavors: r-oldrel-macos-arm64, r-oldrel-macos-x86_64
Version: 0.2.9
Check: for GNU extensions in Makefiles
Result: NOTE
GNU make is a SystemRequirements.
Flavors: r-oldrel-macos-arm64, r-oldrel-macos-x86_64, r-oldrel-windows-x86_64
Version: 0.2.9
Check: package dependencies
Result: NOTE
Package suggested but not available for checking: ‘pwalign’
Flavor: r-oldrel-macos-x86_64