Last updated on 2025-05-07 03:51:14 CEST.
Flavor | Version | Tinstall | Tcheck | Ttotal | Status | Flags |
---|---|---|---|---|---|---|
r-devel-linux-x86_64-debian-clang | 3.0 | 2.44 | 20.36 | 22.80 | NOTE | |
r-devel-linux-x86_64-debian-gcc | 3.0 | 1.82 | 16.98 | 18.80 | NOTE | |
r-devel-linux-x86_64-fedora-clang | 3.0 | 36.32 | OK | |||
r-devel-linux-x86_64-fedora-gcc | 3.0 | 34.97 | OK | |||
r-devel-windows-x86_64 | 3.0 | 3.00 | 39.00 | 42.00 | OK | |
r-patched-linux-x86_64 | 3.0 | 2.64 | 19.68 | 22.32 | OK | |
r-release-linux-x86_64 | 3.0 | 2.34 | 19.47 | 21.81 | OK | |
r-release-macos-arm64 | 3.0 | 19.00 | OK | |||
r-release-macos-x86_64 | 3.0 | 28.00 | OK | |||
r-release-windows-x86_64 | 3.0 | 3.00 | 42.00 | 45.00 | OK | |
r-oldrel-macos-arm64 | 3.0 | 18.00 | OK | |||
r-oldrel-macos-x86_64 | 3.0 | 24.00 | OK | |||
r-oldrel-windows-x86_64 | 3.0 | 3.00 | 39.00 | 42.00 | OK |
Version: 3.0
Check: CRAN incoming feasibility
Result: NOTE
Maintainer: ‘Martin Seilmayer <m.seilmayer@hzdr.de>’
No Authors@R field in DESCRIPTION.
Please add one, modifying
Authors@R: person(given = "Martin",
family = "Seilmayer",
role = c("aut", "cre"),
email = "m.seilmayer@hzdr.de")
as necessary.
Flavors: r-devel-linux-x86_64-debian-clang, r-devel-linux-x86_64-debian-gcc