Last updated on 2025-05-04 03:51:06 CEST.
Flavor | Version | Tinstall | Tcheck | Ttotal | Status | Flags |
---|---|---|---|---|---|---|
r-devel-linux-x86_64-debian-clang | 2024.2-1 | 1.58 | 22.03 | 23.61 | NOTE | |
r-devel-linux-x86_64-debian-gcc | 2024.2-1 | 1.48 | 18.52 | 20.00 | NOTE | |
r-devel-linux-x86_64-fedora-clang | 2024.2-1 | 38.54 | OK | |||
r-devel-linux-x86_64-fedora-gcc | 2024.2-1 | 50.40 | OK | |||
r-devel-windows-x86_64 | 2024.2-1 | 3.00 | 57.00 | 60.00 | OK | |
r-patched-linux-x86_64 | 2024.2-1 | 1.84 | 21.16 | 23.00 | OK | |
r-release-linux-x86_64 | OK | |||||
r-release-macos-arm64 | 2024.2-1 | 24.00 | OK | |||
r-release-macos-x86_64 | 2024.2-1 | 44.00 | OK | |||
r-release-windows-x86_64 | 2024.2-1 | 4.00 | 60.00 | 64.00 | OK | |
r-oldrel-macos-arm64 | 2024.2-1 | 22.00 | OK | |||
r-oldrel-macos-x86_64 | 2024.2-1 | 33.00 | OK | |||
r-oldrel-windows-x86_64 | 2024.2-1 | 3.00 | 56.00 | 59.00 | OK |
Version: 2024.2-1
Check: CRAN incoming feasibility
Result: NOTE
Maintainer: ‘Paul Gilbert <pgilbert.ttv9z@ncf.ca>’
No Authors@R field in DESCRIPTION.
Please add one, modifying
Authors@R: person(given = "Paul",
family = "Gilbert",
role = c("aut", "cre"),
email = "pgilbert.ttv9z@ncf.ca")
as necessary.
Flavors: r-devel-linux-x86_64-debian-clang, r-devel-linux-x86_64-debian-gcc