Last updated on 2025-05-06 03:51:16 CEST.
Flavor | Version | Tinstall | Tcheck | Ttotal | Status | Flags |
---|---|---|---|---|---|---|
r-devel-linux-x86_64-debian-clang | 1.8 | 14.89 | 106.15 | 121.04 | NOTE | |
r-devel-linux-x86_64-debian-gcc | 1.8 | 9.73 | 78.27 | 88.00 | NOTE | |
r-devel-linux-x86_64-fedora-clang | 1.8 | 195.72 | OK | |||
r-devel-linux-x86_64-fedora-gcc | 1.8 | 179.83 | OK | |||
r-devel-windows-x86_64 | 1.8 | 13.00 | 108.00 | 121.00 | NOTE | |
r-patched-linux-x86_64 | 1.8 | 13.73 | 100.53 | 114.26 | NOTE | |
r-release-linux-x86_64 | 1.8 | 13.89 | 100.67 | 114.56 | NOTE | |
r-release-macos-arm64 | 1.8 | 48.00 | OK | |||
r-release-macos-x86_64 | 1.8 | 99.00 | OK | |||
r-release-windows-x86_64 | 1.8 | 14.00 | 111.00 | 125.00 | NOTE | |
r-oldrel-macos-arm64 | 1.8 | 47.00 | OK | |||
r-oldrel-macos-x86_64 | 1.8 | 79.00 | OK | |||
r-oldrel-windows-x86_64 | 1.8 | 13.00 | 137.00 | 150.00 | OK |
Version: 1.8
Check: CRAN incoming feasibility
Result: NOTE
Maintainer: ‘Benoit Liquet <b.liquet@uq.edu.au>’
No Authors@R field in DESCRIPTION.
Please add one, modifying
Authors@R: c(person(given = "Benoit",
family = "Liquet",
role = c("aut", "cre"),
email = "b.liquet@uq.edu.au"),
person(given = c("Pierre", "Lafaye"),
family = "de Micheaux",
role = "aut"),
person(given = "Camilo",
family = "Broc",
role = "aut"))
as necessary.
Flavors: r-devel-linux-x86_64-debian-clang, r-devel-linux-x86_64-debian-gcc
Version: 1.8
Check: Rd cross-references
Result: NOTE
Found the following Rd file(s) with Rd \link{} targets missing package
anchors:
gPLS.Rd: cim
gPLSda.Rd: plotIndiv, plotVar, cim, network
sPLSda.Rd: plotIndiv, plotVar, cim, network
sgPLSda.Rd: plotIndiv, plotVar, cim, network
Please provide package anchors for all Rd \link{} targets not in the
package itself and the base packages.
Flavors: r-devel-linux-x86_64-debian-clang, r-devel-linux-x86_64-debian-gcc, r-devel-windows-x86_64, r-patched-linux-x86_64, r-release-linux-x86_64, r-release-windows-x86_64