CRAN Package Check Results for Package sgraph

Last updated on 2025-07-03 03:49:53 CEST.

Flavor Version Tinstall Tcheck Ttotal Status Flags
r-devel-linux-x86_64-debian-clang 1.1.0 5.93 59.23 65.16 NOTE
r-devel-linux-x86_64-debian-gcc 1.1.0 4.38 43.54 47.92 NOTE
r-devel-linux-x86_64-fedora-clang 1.1.0 104.78 NOTE
r-devel-linux-x86_64-fedora-gcc 1.1.0 113.98 NOTE
r-devel-windows-x86_64 1.1.0 9.00 77.00 86.00 NOTE
r-patched-linux-x86_64 1.1.0 5.72 56.55 62.27 NOTE
r-release-linux-x86_64 1.1.0 5.08 56.13 61.21 NOTE
r-release-macos-arm64 1.1.0 57.00 NOTE
r-release-macos-x86_64 1.1.0 71.00 NOTE
r-release-windows-x86_64 1.1.0 11.00 75.00 86.00 NOTE
r-oldrel-macos-arm64 1.1.0 39.00 OK
r-oldrel-macos-x86_64 1.1.0 104.00 OK
r-oldrel-windows-x86_64 1.1.0 12.00 94.00 106.00 OK

Check Details

Version: 1.1.0
Check: DESCRIPTION meta-information
Result: NOTE Missing dependency on R >= 4.1.0 because package code uses the pipe |> or function shorthand \(...) syntax added in R 4.1.0. File(s) using such syntax: ‘sgraph_utils.R’ Flavors: r-devel-linux-x86_64-debian-clang, r-devel-linux-x86_64-debian-gcc, r-devel-linux-x86_64-fedora-clang, r-devel-linux-x86_64-fedora-gcc, r-devel-windows-x86_64, r-patched-linux-x86_64, r-release-linux-x86_64, r-release-macos-arm64, r-release-macos-x86_64, r-release-windows-x86_64