Last updated on 2025-05-04 03:51:06 CEST.
Flavor | Version | Tinstall | Tcheck | Ttotal | Status | Flags |
---|---|---|---|---|---|---|
r-devel-linux-x86_64-debian-clang | 2.0 | 2.40 | 38.28 | 40.68 | NOTE | |
r-devel-linux-x86_64-debian-gcc | 2.0 | 1.88 | 30.73 | 32.61 | NOTE | |
r-devel-linux-x86_64-fedora-clang | 2.0 | 67.66 | NOTE | |||
r-devel-linux-x86_64-fedora-gcc | 2.0 | 75.16 | NOTE | |||
r-devel-windows-x86_64 | 2.0 | 3.00 | 86.00 | 89.00 | NOTE | |
r-patched-linux-x86_64 | 2.0 | 3.03 | 35.92 | 38.95 | NOTE | |
r-release-linux-x86_64 | NOTE | |||||
r-release-macos-arm64 | 2.0 | 33.00 | NOTE | |||
r-release-macos-x86_64 | 2.0 | 68.00 | NOTE | |||
r-release-windows-x86_64 | 2.0 | 3.00 | 76.00 | 79.00 | NOTE | |
r-oldrel-macos-arm64 | 2.0 | 34.00 | NOTE | |||
r-oldrel-macos-x86_64 | 2.0 | 51.00 | NOTE | |||
r-oldrel-windows-x86_64 | 2.0 | 4.00 | 78.00 | 82.00 | NOTE |
Version: 2.0
Check: CRAN incoming feasibility
Result: NOTE
Maintainer: ‘Carter Davis <cdavis40@chicagobooth.edu>’
No Authors@R field in DESCRIPTION.
Please add one, modifying
Authors@R: person(given = "Carter",
family = "Davis",
role = c("aut", "cre"),
email = "cdavis40@chicagobooth.edu")
as necessary.
Flavors: r-devel-linux-x86_64-debian-clang, r-devel-linux-x86_64-debian-gcc
Version: 2.0
Check: Rd files
Result: NOTE
checkRd: (-1) sgt.Rd:55: Lost braces
55 | \code{sigma <= 0}, \code{lambda <= -1}, \code{lambda >= 1}, \code{p <= 0}, and \code{q <= 0} are errors and return \code{NaN}. Also, if \code{mean.cent} is \code{TRUE} but code{p*q <= 1}, the result is an error and \code{NaNs} are produced. Similarly, if \code{var.adj} is \code{TRUE} but code{p*q <= 2}, the result is an error and \code{NaNs} are produced.
| ^
checkRd: (-1) sgt.Rd:55: Lost braces
55 | \code{sigma <= 0}, \code{lambda <= -1}, \code{lambda >= 1}, \code{p <= 0}, and \code{q <= 0} are errors and return \code{NaN}. Also, if \code{mean.cent} is \code{TRUE} but code{p*q <= 1}, the result is an error and \code{NaNs} are produced. Similarly, if \code{var.adj} is \code{TRUE} but code{p*q <= 2}, the result is an error and \code{NaNs} are produced.
| ^
Flavors: r-devel-linux-x86_64-debian-clang, r-devel-linux-x86_64-debian-gcc, r-devel-linux-x86_64-fedora-clang, r-devel-linux-x86_64-fedora-gcc, r-devel-windows-x86_64, r-patched-linux-x86_64, r-release-linux-x86_64, r-release-macos-arm64, r-release-macos-x86_64, r-release-windows-x86_64, r-oldrel-macos-arm64, r-oldrel-macos-x86_64, r-oldrel-windows-x86_64