Last updated on 2025-10-31 02:50:43 CET.
| Flavor | Version | Tinstall | Tcheck | Ttotal | Status | Flags | 
|---|---|---|---|---|---|---|
| r-devel-linux-x86_64-debian-clang | 2.0 | 2.73 | 40.91 | 43.64 | NOTE | |
| r-devel-linux-x86_64-debian-gcc | 2.0 | 1.71 | 33.03 | 34.74 | NOTE | |
| r-devel-linux-x86_64-fedora-clang | 2.0 | 65.17 | NOTE | |||
| r-devel-linux-x86_64-fedora-gcc | 2.0 | 76.72 | NOTE | |||
| r-devel-windows-x86_64 | 2.0 | 3.00 | 73.00 | 76.00 | NOTE | |
| r-patched-linux-x86_64 | 2.0 | 2.81 | 38.99 | 41.80 | NOTE | |
| r-release-linux-x86_64 | 2.0 | 2.59 | 38.51 | 41.10 | NOTE | |
| r-release-macos-arm64 | 2.0 | 1.00 | 32.00 | 33.00 | NOTE | |
| r-release-macos-x86_64 | 2.0 | 2.00 | 66.00 | 68.00 | NOTE | |
| r-release-windows-x86_64 | 2.0 | 4.00 | 76.00 | 80.00 | NOTE | |
| r-oldrel-macos-arm64 | 2.0 | 1.00 | 33.00 | 34.00 | NOTE | |
| r-oldrel-macos-x86_64 | 2.0 | 2.00 | 49.00 | 51.00 | NOTE | |
| r-oldrel-windows-x86_64 | 2.0 | 6.00 | 84.00 | 90.00 | NOTE | 
Version: 2.0
Check: CRAN incoming feasibility
Result: NOTE
  Maintainer: ‘Carter Davis <cdavis40@chicagobooth.edu>’
  
  No Authors@R field in DESCRIPTION.
  Please add one, modifying
    Authors@R: person(given = "Carter",
                      family = "Davis",
                      role = c("aut", "cre"),
                      email = "cdavis40@chicagobooth.edu")
  as necessary.
Flavors: r-devel-linux-x86_64-debian-clang, r-devel-linux-x86_64-debian-gcc
Version: 2.0
Check: Rd files
Result: NOTE
  checkRd: (-1) sgt.Rd:55: Lost braces
      55 |   \code{sigma <= 0}, \code{lambda <= -1}, \code{lambda >= 1}, \code{p <= 0}, and \code{q <= 0} are errors and return \code{NaN}. Also, if \code{mean.cent} is \code{TRUE} but code{p*q <= 1}, the result is an error and \code{NaNs} are produced. Similarly, if \code{var.adj} is \code{TRUE} but code{p*q <= 2}, the result is an error and \code{NaNs} are produced.
         |                                                                                                                                                                                   ^
  checkRd: (-1) sgt.Rd:55: Lost braces
      55 |   \code{sigma <= 0}, \code{lambda <= -1}, \code{lambda >= 1}, \code{p <= 0}, and \code{q <= 0} are errors and return \code{NaN}. Also, if \code{mean.cent} is \code{TRUE} but code{p*q <= 1}, the result is an error and \code{NaNs} are produced. Similarly, if \code{var.adj} is \code{TRUE} but code{p*q <= 2}, the result is an error and \code{NaNs} are produced.
         |                                                                                                                                                                                                                                                                                                        ^
Flavors: r-devel-linux-x86_64-debian-clang, r-devel-linux-x86_64-debian-gcc, r-devel-linux-x86_64-fedora-clang, r-devel-linux-x86_64-fedora-gcc, r-devel-windows-x86_64, r-patched-linux-x86_64, r-release-linux-x86_64, r-release-macos-arm64, r-release-macos-x86_64, r-release-windows-x86_64, r-oldrel-macos-arm64, r-oldrel-macos-x86_64, r-oldrel-windows-x86_64