Last updated on 2025-10-31 02:50:43 CET.
| Flavor | Version | Tinstall | Tcheck | Ttotal | Status | Flags | 
|---|---|---|---|---|---|---|
| r-devel-linux-x86_64-debian-clang | 1.4.0 | 2.07 | 29.05 | 31.12 | NOTE | |
| r-devel-linux-x86_64-debian-gcc | 1.4.0 | 1.88 | 23.40 | 25.28 | NOTE | |
| r-devel-linux-x86_64-fedora-clang | 1.4.0 | 45.16 | OK | |||
| r-devel-linux-x86_64-fedora-gcc | 1.4.0 | 43.05 | OK | |||
| r-devel-windows-x86_64 | 1.4.0 | 3.00 | 46.00 | 49.00 | OK | |
| r-patched-linux-x86_64 | 1.4.0 | 2.37 | 26.27 | 28.64 | OK | |
| r-release-linux-x86_64 | 1.4.0 | 2.40 | 26.18 | 28.58 | OK | |
| r-release-macos-arm64 | 1.4.0 | 1.00 | 17.00 | 18.00 | OK | |
| r-release-macos-x86_64 | 1.4.0 | 2.00 | 27.00 | 29.00 | OK | |
| r-release-windows-x86_64 | 1.4.0 | 4.00 | 48.00 | 52.00 | OK | |
| r-oldrel-macos-arm64 | 1.4.0 | 1.00 | 22.00 | 23.00 | OK | |
| r-oldrel-macos-x86_64 | 1.4.0 | 2.00 | 22.00 | 24.00 | OK | |
| r-oldrel-windows-x86_64 | 1.4.0 | 4.00 | 56.00 | 60.00 | OK | 
Version: 1.4.0
Check: CRAN incoming feasibility
Result: NOTE
  Maintainer: ‘Jon Clayden <code@clayden.org>’
  
  No Authors@R field in DESCRIPTION.
  Please add one, modifying
    Authors@R: person(given = "Jon",
                      family = "Clayden",
                      role = c("aut", "cre"),
                      email = "code@clayden.org")
  as necessary.
Flavors: r-devel-linux-x86_64-debian-clang, r-devel-linux-x86_64-debian-gcc