Last updated on 2025-05-04 03:51:06 CEST.
Flavor | Version | Tinstall | Tcheck | Ttotal | Status | Flags |
---|---|---|---|---|---|---|
r-devel-linux-x86_64-debian-clang | 0.1.0 | 2.94 | 37.47 | 40.41 | NOTE | |
r-devel-linux-x86_64-debian-gcc | 0.1.0 | 2.45 | 29.90 | 32.35 | NOTE | |
r-devel-linux-x86_64-fedora-clang | 0.1.0 | 69.15 | NOTE | |||
r-devel-linux-x86_64-fedora-gcc | 0.1.0 | 75.78 | NOTE | |||
r-devel-windows-x86_64 | 0.1.0 | 5.00 | 58.00 | 63.00 | NOTE | |
r-patched-linux-x86_64 | 0.1.0 | 3.76 | 35.52 | 39.28 | NOTE | |
r-release-linux-x86_64 | NOTE | |||||
r-release-macos-arm64 | 0.1.0 | 76.00 | NOTE | |||
r-release-macos-x86_64 | 0.1.0 | 121.00 | NOTE | |||
r-release-windows-x86_64 | 0.1.0 | 5.00 | 59.00 | 64.00 | NOTE | |
r-oldrel-macos-arm64 | 0.1.0 | 52.00 | OK | |||
r-oldrel-macos-x86_64 | 0.1.0 | 102.00 | OK | |||
r-oldrel-windows-x86_64 | 0.1.0 | 7.00 | 70.00 | 77.00 | OK |
Version: 0.1.0
Check: DESCRIPTION meta-information
Result: NOTE
Missing dependency on R >= 4.1.0 because package code uses the pipe
|> or function shorthand \(...) syntax added in R 4.1.0.
File(s) using such syntax:
‘destroyModule.R’ ‘makeModule.R’
Flavors: r-devel-linux-x86_64-debian-clang, r-devel-linux-x86_64-debian-gcc, r-devel-linux-x86_64-fedora-clang, r-devel-linux-x86_64-fedora-gcc, r-devel-windows-x86_64, r-patched-linux-x86_64, r-release-linux-x86_64, r-release-macos-arm64, r-release-macos-x86_64, r-release-windows-x86_64