Last updated on 2025-05-06 03:51:16 CEST.
Flavor | Version | Tinstall | Tcheck | Ttotal | Status | Flags |
---|---|---|---|---|---|---|
r-devel-linux-x86_64-debian-clang | 0.8.6 | 6.83 | 52.15 | 58.98 | NOTE | |
r-devel-linux-x86_64-debian-gcc | 0.8.6 | 5.67 | 38.57 | 44.24 | NOTE | |
r-devel-linux-x86_64-fedora-clang | 0.8.6 | 100.69 | OK | |||
r-devel-linux-x86_64-fedora-gcc | 0.8.6 | 87.18 | OK | |||
r-devel-windows-x86_64 | 0.8.6 | 11.00 | 67.00 | 78.00 | OK | |
r-patched-linux-x86_64 | 0.8.6 | 8.30 | 48.84 | 57.14 | OK | |
r-release-linux-x86_64 | 0.8.6 | 8.00 | 49.01 | 57.01 | OK | |
r-release-macos-arm64 | 0.8.6 | 30.00 | OK | |||
r-release-macos-x86_64 | 0.8.6 | 48.00 | OK | |||
r-release-windows-x86_64 | 0.8.6 | 10.00 | 68.00 | 78.00 | OK | |
r-oldrel-macos-arm64 | 0.8.6 | 28.00 | OK | |||
r-oldrel-macos-x86_64 | 0.8.6 | 43.00 | OK | |||
r-oldrel-windows-x86_64 | 0.8.6 | 13.00 | 79.00 | 92.00 | OK |
Version: 0.8.6
Check: CRAN incoming feasibility
Result: NOTE
Maintainer: ‘Reneé González-Guzmán <rguzman@geociencias.unam.mx>’
Package CITATION file contains call(s) to old-style personList() or
as.personList(). Please use c() on person objects instead.
Package CITATION file contains call(s) to old-style citEntry(). Please
use bibentry() instead.
Flavors: r-devel-linux-x86_64-debian-clang, r-devel-linux-x86_64-debian-gcc