Last updated on 2025-05-06 03:51:16 CEST.
Flavor | Version | Tinstall | Tcheck | Ttotal | Status | Flags |
---|---|---|---|---|---|---|
r-devel-linux-x86_64-debian-clang | 0.1.2 | 8.86 | 59.69 | 68.55 | NOTE | |
r-devel-linux-x86_64-debian-gcc | 0.1.2 | 5.20 | 42.65 | 47.85 | NOTE | |
r-devel-linux-x86_64-fedora-clang | 0.1.2 | 106.23 | OK | |||
r-devel-linux-x86_64-fedora-gcc | 0.1.2 | 117.83 | OK | |||
r-devel-windows-x86_64 | 0.1.2 | 10.00 | 76.00 | 86.00 | OK | |
r-patched-linux-x86_64 | 0.1.2 | 9.00 | 57.00 | 66.00 | OK | |
r-release-linux-x86_64 | 0.1.2 | 7.39 | 57.13 | 64.52 | OK | |
r-release-macos-arm64 | 0.1.2 | 39.00 | OK | |||
r-release-macos-x86_64 | 0.1.2 | 67.00 | OK | |||
r-release-windows-x86_64 | 0.1.2 | 10.00 | 74.00 | 84.00 | OK | |
r-oldrel-macos-arm64 | 0.1.2 | 37.00 | NOTE | |||
r-oldrel-macos-x86_64 | 0.1.2 | 55.00 | NOTE | |||
r-oldrel-windows-x86_64 | 0.1.2 | 14.00 | 91.00 | 105.00 | NOTE |
Version: 0.1.2
Check: CRAN incoming feasibility
Result: NOTE
Maintainer: ‘Sinead E. Morris <sinead.morris@columbia.edu>’
Package CITATION file contains call(s) to old-style citEntry(). Please
use bibentry() instead.
Flavors: r-devel-linux-x86_64-debian-clang, r-devel-linux-x86_64-debian-gcc
Version: 0.1.2
Check: LazyData
Result: NOTE
'LazyData' is specified without a 'data' directory
Flavors: r-oldrel-macos-arm64, r-oldrel-macos-x86_64, r-oldrel-windows-x86_64