Last updated on 2025-05-06 03:51:16 CEST.
Flavor | Version | Tinstall | Tcheck | Ttotal | Status | Flags |
---|---|---|---|---|---|---|
r-devel-linux-x86_64-debian-clang | 1.0.0 | 3.40 | 33.27 | 36.67 | OK | |
r-devel-linux-x86_64-debian-gcc | 1.0.0 | 2.70 | 25.60 | 28.30 | OK | |
r-devel-linux-x86_64-fedora-clang | 1.0.0 | 60.31 | OK | |||
r-devel-linux-x86_64-fedora-gcc | 1.0.0 | 53.67 | OK | |||
r-devel-windows-x86_64 | 1.0.0 | 6.00 | 54.00 | 60.00 | OK | |
r-patched-linux-x86_64 | 1.0.0 | 3.43 | 31.25 | 34.68 | OK | |
r-release-linux-x86_64 | 1.0.0 | 3.36 | 30.99 | 34.35 | OK | |
r-release-macos-arm64 | 1.0.0 | 25.00 | OK | |||
r-release-macos-x86_64 | 1.0.0 | 36.00 | OK | |||
r-release-windows-x86_64 | 1.0.0 | 7.00 | 52.00 | 59.00 | OK | |
r-oldrel-macos-arm64 | 1.0.0 | 20.00 | NOTE | |||
r-oldrel-macos-x86_64 | 1.0.0 | 30.00 | NOTE | |||
r-oldrel-windows-x86_64 | 1.0.0 | 6.00 | 60.00 | 66.00 | NOTE |
Version: 1.0.0
Check: LazyData
Result: NOTE
'LazyData' is specified without a 'data' directory
Flavors: r-oldrel-macos-arm64, r-oldrel-macos-x86_64, r-oldrel-windows-x86_64