Last updated on 2025-05-06 03:51:16 CEST.
Flavor | Version | Tinstall | Tcheck | Ttotal | Status | Flags |
---|---|---|---|---|---|---|
r-devel-linux-x86_64-debian-clang | 1.0.0.1 | 6.67 | 36.55 | 43.22 | OK | |
r-devel-linux-x86_64-debian-gcc | 1.0.0.1 | 4.28 | 28.08 | 32.36 | OK | |
r-devel-linux-x86_64-fedora-clang | 1.0.0.1 | 69.34 | NOTE | |||
r-devel-linux-x86_64-fedora-gcc | 1.0.0.1 | 62.28 | NOTE | |||
r-devel-windows-x86_64 | 1.0.0.1 | 9.00 | 54.00 | 63.00 | OK | |
r-patched-linux-x86_64 | 1.0.0.1 | 6.50 | 34.32 | 40.82 | OK | |
r-release-linux-x86_64 | 1.0.0.1 | 5.05 | 34.12 | 39.17 | OK | |
r-release-macos-arm64 | 1.0.0.1 | 23.00 | OK | |||
r-release-macos-x86_64 | 1.0.0.1 | 37.00 | OK | |||
r-release-windows-x86_64 | 1.0.0.1 | 9.00 | 53.00 | 62.00 | OK | |
r-oldrel-macos-arm64 | 1.0.0.1 | 21.00 | OK | |||
r-oldrel-macos-x86_64 | 1.0.0.1 | 35.00 | OK | |||
r-oldrel-windows-x86_64 | 1.0.0.1 | 10.00 | 61.00 | 71.00 | OK |
Version: 1.0.0.1
Check: dependencies in R code
Result: NOTE
Namespaces in Imports field not imported from:
‘DT’ ‘billboarder’ ‘glue’ ‘scrypt’ ‘yaml’
All declared Imports should be used.
Flavors: r-devel-linux-x86_64-fedora-clang, r-devel-linux-x86_64-fedora-gcc