CRAN Package Check Results for Package shinyjs

Last updated on 2025-05-06 03:51:16 CEST.

Flavor Version Tinstall Tcheck Ttotal Status Flags
r-devel-linux-x86_64-debian-clang 2.1.0 2.67 33.25 35.92 NOTE
r-devel-linux-x86_64-debian-gcc 2.1.0 2.06 25.55 27.61 NOTE
r-devel-linux-x86_64-fedora-clang 2.1.0 58.09 NOTE
r-devel-linux-x86_64-fedora-gcc 2.1.0 68.09 NOTE
r-devel-windows-x86_64 2.1.0 5.00 60.00 65.00 NOTE
r-patched-linux-x86_64 2.1.0 2.71 31.53 34.24 NOTE
r-release-linux-x86_64 2.1.0 2.24 31.23 33.47 NOTE
r-release-macos-arm64 2.1.0 46.00 NOTE
r-release-macos-x86_64 2.1.0 57.00 NOTE
r-release-windows-x86_64 2.1.0 5.00 61.00 66.00 NOTE
r-oldrel-macos-arm64 2.1.0 37.00 NOTE
r-oldrel-macos-x86_64 2.1.0 53.00 NOTE
r-oldrel-windows-x86_64 2.1.0 6.00 67.00 73.00 NOTE

Check Details

Version: 2.1.0
Check: Rd files
Result: NOTE checkRd: (-1) shinyjs-defunct.Rd:18: Lost braces in \itemize; meant \describe ? checkRd: (-1) shinyjs-defunct.Rd:19: Lost braces in \itemize; meant \describe ? checkRd: (-1) shinyjs-defunct.Rd:20: Lost braces in \itemize; meant \describe ? Flavors: r-devel-linux-x86_64-debian-clang, r-devel-linux-x86_64-debian-gcc, r-devel-linux-x86_64-fedora-clang, r-devel-linux-x86_64-fedora-gcc, r-devel-windows-x86_64, r-patched-linux-x86_64, r-release-linux-x86_64, r-release-macos-arm64, r-release-macos-x86_64, r-release-windows-x86_64, r-oldrel-macos-arm64, r-oldrel-macos-x86_64, r-oldrel-windows-x86_64