Last updated on 2025-05-06 03:51:16 CEST.
Flavor | Version | Tinstall | Tcheck | Ttotal | Status | Flags |
---|---|---|---|---|---|---|
r-devel-linux-x86_64-debian-clang | 2.2.0 | 3.43 | 29.96 | 33.39 | NOTE | |
r-devel-linux-x86_64-debian-gcc | 2.2.0 | 2.40 | 23.28 | 25.68 | NOTE | |
r-devel-linux-x86_64-fedora-clang | 2.2.0 | 51.44 | OK | |||
r-devel-linux-x86_64-fedora-gcc | 2.2.0 | 47.71 | OK | |||
r-devel-windows-x86_64 | 2.2.0 | 4.00 | 48.00 | 52.00 | OK | |
r-patched-linux-x86_64 | 2.2.0 | 3.33 | 27.67 | 31.00 | OK | |
r-release-linux-x86_64 | 2.2.0 | 3.43 | 27.64 | 31.07 | OK | |
r-release-macos-arm64 | 2.2.0 | 31.00 | OK | |||
r-release-macos-x86_64 | 2.2.0 | 34.00 | OK | |||
r-release-windows-x86_64 | 2.2.0 | 5.00 | 47.00 | 52.00 | OK | |
r-oldrel-macos-arm64 | 2.2.0 | 19.00 | OK | |||
r-oldrel-macos-x86_64 | 2.2.0 | 28.00 | OK | |||
r-oldrel-windows-x86_64 | 2.2.0 | 6.00 | 54.00 | 60.00 | OK |
Version: 2.2.0
Check: CRAN incoming feasibility
Result: NOTE
Maintainer: ‘Gábor Csárdi <csardi.gabor@gmail.com>’
No Authors@R field in DESCRIPTION.
Please add one, modifying
Authors@R: c(person(given = "John",
family = "Papa",
role = "aut"),
person(given = "Tim",
family = "Ferrell",
role = "aut"),
person(given = "Hans",
family = "Fjällemark",
role = "aut"),
person(given = "Gábor",
family = "Csárdi",
role = c("aut", "cre"),
email = "csardi.gabor@gmail.com"))
as necessary.
Flavors: r-devel-linux-x86_64-debian-clang, r-devel-linux-x86_64-debian-gcc