Last updated on 2025-05-06 03:51:16 CEST.
Flavor | Version | Tinstall | Tcheck | Ttotal | Status | Flags |
---|---|---|---|---|---|---|
r-devel-linux-x86_64-debian-clang | 0.1.0 | 1.66 | 17.54 | 19.20 | NOTE | |
r-devel-linux-x86_64-debian-gcc | 0.1.0 | 1.47 | 13.92 | 15.39 | NOTE | |
r-devel-linux-x86_64-fedora-clang | 0.1.0 | 30.22 | OK | |||
r-devel-linux-x86_64-fedora-gcc | 0.1.0 | 28.85 | OK | |||
r-devel-windows-x86_64 | 0.1.0 | 3.00 | 51.00 | 54.00 | OK | |
r-patched-linux-x86_64 | 0.1.0 | 1.82 | 16.89 | 18.71 | OK | |
r-release-linux-x86_64 | 0.1.0 | 1.74 | 16.81 | 18.55 | OK | |
r-release-macos-arm64 | 0.1.0 | 15.00 | OK | |||
r-release-macos-x86_64 | 0.1.0 | 22.00 | OK | |||
r-release-windows-x86_64 | 0.1.0 | 3.00 | 41.00 | 44.00 | OK | |
r-oldrel-macos-arm64 | 0.1.0 | 14.00 | NOTE | |||
r-oldrel-macos-x86_64 | 0.1.0 | 28.00 | NOTE | |||
r-oldrel-windows-x86_64 | 0.1.0 | 2.00 | 39.00 | 41.00 | NOTE |
Version: 0.1.0
Check: CRAN incoming feasibility
Result: NOTE
Maintainer: ‘Kyle Caudle <kyle.caudle@sdsmt.edu>’
No Authors@R field in DESCRIPTION.
Please add one, modifying
Authors@R: person(given = "Kyle",
family = "Caudle",
role = c("aut", "cre"),
email = "kyle.caudle@sdsmt.edu")
as necessary.
Flavors: r-devel-linux-x86_64-debian-clang, r-devel-linux-x86_64-debian-gcc
Version: 0.1.0
Check: LazyData
Result: NOTE
'LazyData' is specified without a 'data' directory
Flavors: r-oldrel-macos-arm64, r-oldrel-macos-x86_64, r-oldrel-windows-x86_64