Last updated on 2025-10-30 02:49:13 CET.
| Flavor | Version | Tinstall | Tcheck | Ttotal | Status | Flags | 
|---|---|---|---|---|---|---|
| r-devel-linux-x86_64-debian-clang | 0.1.2 | 3.16 | 48.30 | 51.46 | OK | |
| r-devel-linux-x86_64-debian-gcc | 0.1.2 | 2.29 | 36.67 | 38.96 | OK | |
| r-devel-linux-x86_64-fedora-clang | 0.1.2 | 80.36 | OK | |||
| r-devel-linux-x86_64-fedora-gcc | 0.1.2 | 91.77 | OK | |||
| r-devel-windows-x86_64 | 0.1.2 | 4.00 | 62.00 | 66.00 | OK | |
| r-patched-linux-x86_64 | 0.1.2 | 2.68 | 46.41 | 49.09 | OK | |
| r-release-linux-x86_64 | 0.1.2 | 2.88 | 46.72 | 49.60 | OK | |
| r-release-macos-arm64 | 0.1.2 | 2.00 | 39.00 | 41.00 | OK | |
| r-release-macos-x86_64 | 0.1.2 | 2.00 | 50.00 | 52.00 | OK | |
| r-release-windows-x86_64 | 0.1.2 | 5.00 | 64.00 | 69.00 | OK | |
| r-oldrel-macos-arm64 | 0.1.2 | 1.00 | 27.00 | 28.00 | NOTE | |
| r-oldrel-macos-x86_64 | 0.1.2 | 2.00 | 42.00 | 44.00 | NOTE | |
| r-oldrel-windows-x86_64 | 0.1.2 | 5.00 | 74.00 | 79.00 | NOTE | 
Version: 0.1.2
Check: LazyData
Result: NOTE
    'LazyData' is specified without a 'data' directory
Flavors: r-oldrel-macos-arm64, r-oldrel-macos-x86_64, r-oldrel-windows-x86_64