Last updated on 2025-05-06 03:51:16 CEST.
Flavor | Version | Tinstall | Tcheck | Ttotal | Status | Flags |
---|---|---|---|---|---|---|
r-devel-linux-x86_64-debian-clang | 0.1.0 | 5.90 | 107.66 | 113.56 | OK | |
r-devel-linux-x86_64-debian-gcc | 0.1.0 | 3.49 | 76.19 | 79.68 | OK | |
r-devel-linux-x86_64-fedora-clang | 0.1.0 | 187.37 | OK | |||
r-devel-linux-x86_64-fedora-gcc | 0.1.0 | 190.86 | OK | |||
r-devel-windows-x86_64 | 0.1.0 | 8.00 | 135.00 | 143.00 | OK | |
r-patched-linux-x86_64 | 0.1.0 | 4.79 | 105.38 | 110.17 | OK | |
r-release-linux-x86_64 | 0.1.0 | 5.22 | 105.83 | 111.05 | OK | |
r-release-macos-arm64 | 0.1.0 | 60.00 | OK | |||
r-release-macos-x86_64 | 0.1.0 | 119.00 | OK | |||
r-release-windows-x86_64 | 0.1.0 | 7.00 | 135.00 | 142.00 | OK | |
r-oldrel-macos-arm64 | 0.1.0 | 62.00 | OK | |||
r-oldrel-macos-x86_64 | 0.1.0 | 97.00 | OK | |||
r-oldrel-windows-x86_64 | 0.1.0 | 9.00 | 175.00 | 184.00 | ERROR |
Version: 0.1.0
Check: re-building of vignette outputs
Result: ERROR
Error(s) in re-building vignettes:
--- re-building 'sim.BA.Rmd' using rmarkdown
File images/dag.png not found in resource path
Error: processing vignette 'sim.BA.Rmd' failed with diagnostics:
pandoc document conversion failed with error 99
--- failed re-building 'sim.BA.Rmd'
SUMMARY: processing the following file failed:
'sim.BA.Rmd'
Error: Vignette re-building failed.
Execution halted
Flavor: r-oldrel-windows-x86_64