Last updated on 2025-05-06 03:51:16 CEST.
Flavor | Version | Tinstall | Tcheck | Ttotal | Status | Flags |
---|---|---|---|---|---|---|
r-devel-linux-x86_64-debian-clang | 1.0.0 | 8.07 | 62.84 | 70.91 | NOTE | |
r-devel-linux-x86_64-debian-gcc | 1.0.0 | 5.99 | 46.31 | 52.30 | NOTE | |
r-devel-linux-x86_64-fedora-clang | 1.0.0 | 111.12 | OK | |||
r-devel-linux-x86_64-fedora-gcc | 1.0.0 | 102.78 | OK | |||
r-devel-windows-x86_64 | 1.0.0 | 10.00 | 73.00 | 83.00 | OK | |
r-patched-linux-x86_64 | 1.0.0 | 7.96 | 59.73 | 67.69 | OK | |
r-release-linux-x86_64 | 1.0.0 | 6.89 | 60.04 | 66.93 | OK | |
r-release-macos-arm64 | 1.0.0 | 40.00 | OK | |||
r-release-macos-x86_64 | 1.0.0 | 63.00 | OK | |||
r-release-windows-x86_64 | 1.0.0 | 9.00 | 75.00 | 84.00 | OK | |
r-oldrel-macos-arm64 | 1.0.0 | 29.00 | NOTE | |||
r-oldrel-macos-x86_64 | 1.0.0 | 48.00 | NOTE | |||
r-oldrel-windows-x86_64 | 1.0.0 | 12.00 | 93.00 | 105.00 | NOTE |
Version: 1.0.0
Check: CRAN incoming feasibility
Result: NOTE
Maintainer: ‘Waldir Leoncio <waldir.leoncio@gmail.com>’
No Authors@R field in DESCRIPTION.
Please add one, modifying
Authors@R: person(given = "Waldir",
family = "Leoncio",
role = c("aut", "cre"),
email = "waldir.leoncio@gmail.com")
as necessary.
Flavors: r-devel-linux-x86_64-debian-clang, r-devel-linux-x86_64-debian-gcc
Version: 1.0.0
Check: LazyData
Result: NOTE
'LazyData' is specified without a 'data' directory
Flavors: r-oldrel-macos-arm64, r-oldrel-macos-x86_64, r-oldrel-windows-x86_64