Last updated on 2025-05-06 03:51:16 CEST.
Flavor | Version | Tinstall | Tcheck | Ttotal | Status | Flags |
---|---|---|---|---|---|---|
r-devel-linux-x86_64-debian-clang | 0.17.3 | 2.08 | 53.24 | 55.32 | NOTE | |
r-devel-linux-x86_64-debian-gcc | 0.17.3 | 1.43 | 40.72 | 42.15 | NOTE | |
r-devel-linux-x86_64-fedora-clang | 0.17.3 | 91.45 | NOTE | |||
r-devel-linux-x86_64-fedora-gcc | 0.17.3 | 83.30 | NOTE | |||
r-devel-windows-x86_64 | 0.17.3 | 4.00 | 75.00 | 79.00 | NOTE | |
r-patched-linux-x86_64 | 0.17.3 | 1.95 | 51.10 | 53.05 | NOTE | |
r-release-linux-x86_64 | 0.17.3 | 2.06 | 51.77 | 53.83 | NOTE | |
r-release-macos-arm64 | 0.17.3 | 29.00 | OK | |||
r-release-macos-x86_64 | 0.17.3 | 42.00 | OK | |||
r-release-windows-x86_64 | 0.17.3 | 4.00 | 76.00 | 80.00 | NOTE | |
r-oldrel-macos-arm64 | 0.17.3 | 22.00 | NOTE | |||
r-oldrel-macos-x86_64 | 0.17.3 | 32.00 | NOTE | |||
r-oldrel-windows-x86_64 | 0.17.3 | 4.00 | 91.00 | 95.00 | OK |
Version: 0.17.3
Check: CRAN incoming feasibility
Result: NOTE
Maintainer: ‘Nan Zhou <zhnanx@gmail.com>’
No Authors@R field in DESCRIPTION.
Please add one, modifying
Authors@R: person(given = "Nan",
family = "Zhou",
role = c("aut", "cre"),
email = "zhnanx@gmail.com")
as necessary.
Found the following URLs which should use \doi (with the DOI name only):
File ‘simSBS.Rd’:
https://doi.org/10.1101/112367
http://dx.doi.org/10.1038/nature12477
Flavors: r-devel-linux-x86_64-debian-clang, r-devel-linux-x86_64-debian-gcc
Version: 0.17.3
Check: Rd cross-references
Result: NOTE
Found the following Rd file(s) with Rd \link{} targets missing package
anchors:
simSBS.Rd: BSgenome
Please provide package anchors for all Rd \link{} targets not in the
package itself and the base packages.
Flavors: r-devel-linux-x86_64-debian-clang, r-devel-linux-x86_64-debian-gcc, r-devel-windows-x86_64, r-patched-linux-x86_64, r-release-linux-x86_64, r-release-windows-x86_64
Version: 0.17.3
Check: for non-standard things in the check directory
Result: NOTE
Found the following files/directories:
‘res_mutation.tsv’ ‘res_mutationCounts.txt’
‘res_processContribution.txt’ ‘res_processes.txt’
Flavors: r-devel-linux-x86_64-debian-clang, r-devel-linux-x86_64-debian-gcc, r-devel-linux-x86_64-fedora-clang, r-devel-linux-x86_64-fedora-gcc, r-patched-linux-x86_64, r-release-linux-x86_64
Version: 0.17.3
Check: package dependencies
Result: NOTE
Package suggested but not available for checking: ‘BSgenome.Hsapiens.UCSC.hg38’
Flavors: r-oldrel-macos-arm64, r-oldrel-macos-x86_64