Last updated on 2025-05-06 03:51:16 CEST.
Flavor | Version | Tinstall | Tcheck | Ttotal | Status | Flags |
---|---|---|---|---|---|---|
r-devel-linux-x86_64-debian-clang | 1.1.42 | 9.05 | 62.13 | 71.18 | NOTE | |
r-devel-linux-x86_64-debian-gcc | 1.1.42 | 5.32 | 45.12 | 50.44 | NOTE | |
r-devel-linux-x86_64-fedora-clang | 1.1.42 | 109.96 | OK | |||
r-devel-linux-x86_64-fedora-gcc | 1.1.42 | 103.41 | OK | |||
r-devel-windows-x86_64 | 1.1.42 | 9.00 | 79.00 | 88.00 | OK | |
r-patched-linux-x86_64 | 1.1.42 | 7.86 | 59.38 | 67.24 | OK | |
r-release-linux-x86_64 | 1.1.42 | 6.24 | 58.95 | 65.19 | OK | |
r-release-macos-arm64 | 1.1.42 | 36.00 | OK | |||
r-release-macos-x86_64 | 1.1.42 | 63.00 | OK | |||
r-release-windows-x86_64 | 1.1.42 | 10.00 | 78.00 | 88.00 | OK | |
r-oldrel-macos-arm64 | 1.1.42 | 32.00 | OK | |||
r-oldrel-macos-x86_64 | 1.1.42 | 49.00 | OK | |||
r-oldrel-windows-x86_64 | 1.1.42 | 12.00 | 89.00 | 101.00 | OK |
Version: 1.1.42
Check: CRAN incoming feasibility
Result: NOTE
Maintainer: ‘Holger Reulen <hreulen@uni-goettingen.de>’
No Authors@R field in DESCRIPTION.
Please add one, modifying
Authors@R: person(given = "Holger",
family = "Reulen",
role = c("aut", "cre"),
email = "hreulen@uni-goettingen.de")
as necessary.
Flavors: r-devel-linux-x86_64-debian-clang, r-devel-linux-x86_64-debian-gcc