Last updated on 2025-10-30 02:49:13 CET.
| Flavor | Version | Tinstall | Tcheck | Ttotal | Status | Flags | 
|---|---|---|---|---|---|---|
| r-devel-linux-x86_64-debian-clang | 4.4.7 | 66.07 | 124.75 | 190.82 | OK | |
| r-devel-linux-x86_64-debian-gcc | 4.4.7 | 59.67 | 91.71 | 151.38 | OK | |
| r-devel-linux-x86_64-fedora-clang | 4.4.7 | 161.00 | 156.97 | 317.97 | OK | |
| r-devel-linux-x86_64-fedora-gcc | 4.4.7 | 107.00 | 251.04 | 358.04 | OK | |
| r-devel-windows-x86_64 | 4.4.7 | 76.00 | 192.00 | 268.00 | OK | |
| r-patched-linux-x86_64 | 4.4.7 | 83.04 | 119.43 | 202.47 | OK | |
| r-release-linux-x86_64 | 4.4.7 | 83.28 | 118.92 | 202.20 | OK | |
| r-release-macos-arm64 | 4.4.7 | 27.00 | 72.00 | 99.00 | OK | |
| r-release-macos-x86_64 | 4.4.7 | 34.00 | 125.00 | 159.00 | OK | |
| r-release-windows-x86_64 | 4.4.7 | 81.00 | 188.00 | 269.00 | OK | |
| r-oldrel-macos-arm64 | 4.4.7 | 30.00 | 88.00 | 118.00 | NOTE | |
| r-oldrel-macos-x86_64 | 4.4.7 | 37.00 | 162.00 | 199.00 | NOTE | |
| r-oldrel-windows-x86_64 | 4.4.7 | 90.00 | 229.00 | 319.00 | OK | 
Version: 4.4.7
Check: installed package size
Result: NOTE
    installed size is 14.9Mb
    sub-directories of 1Mb or more:
      doc    1.5Mb
      libs  12.8Mb
Flavors: r-oldrel-macos-arm64, r-oldrel-macos-x86_64