Last updated on 2025-05-04 03:51:06 CEST.
Flavor | Version | Tinstall | Tcheck | Ttotal | Status | Flags |
---|---|---|---|---|---|---|
r-devel-linux-x86_64-debian-clang | 1.1 | 1.58 | 17.75 | 19.33 | NOTE | |
r-devel-linux-x86_64-debian-gcc | 1.1 | 1.05 | 14.53 | 15.58 | NOTE | |
r-devel-linux-x86_64-fedora-clang | 1.1 | 29.95 | OK | |||
r-devel-linux-x86_64-fedora-gcc | 1.1 | 28.14 | OK | |||
r-devel-windows-x86_64 | 1.1 | 3.00 | 38.00 | 41.00 | OK | |
r-patched-linux-x86_64 | 1.1 | 1.53 | 16.82 | 18.35 | OK | |
r-release-linux-x86_64 | OK | |||||
r-release-macos-arm64 | 1.1 | 16.00 | OK | |||
r-release-macos-x86_64 | 1.1 | 24.00 | OK | |||
r-release-windows-x86_64 | 1.1 | 3.00 | 38.00 | 41.00 | OK | |
r-oldrel-macos-arm64 | 1.1 | 15.00 | OK | |||
r-oldrel-macos-x86_64 | 1.1 | 22.00 | OK | |||
r-oldrel-windows-x86_64 | 1.1 | 4.00 | 44.00 | 48.00 | OK |
Version: 1.1
Check: CRAN incoming feasibility
Result: NOTE
Maintainer: ‘Stephen Wisser <swisser98@gmail.com>’
No Authors@R field in DESCRIPTION.
Please add one, modifying
Authors@R: c(person(given = c("Stephen", "C"),
family = "Wisser",
role = "aut"),
person(given = "Stephen",
family = "Wisser",
role = "cre",
email = "swisser98@gmail.com"))
as necessary.
Flavors: r-devel-linux-x86_64-debian-clang, r-devel-linux-x86_64-debian-gcc