Last updated on 2025-05-06 03:51:16 CEST.
Flavor | Version | Tinstall | Tcheck | Ttotal | Status | Flags |
---|---|---|---|---|---|---|
r-devel-linux-x86_64-debian-clang | 1.0.0 | 2.66 | 316.10 | 318.76 | NOTE | |
r-devel-linux-x86_64-debian-gcc | 1.0.0 | 1.96 | 171.63 | 173.59 | NOTE | |
r-devel-linux-x86_64-fedora-clang | 1.0.0 | 538.72 | NOTE | |||
r-devel-linux-x86_64-fedora-gcc | 1.0.0 | 526.64 | NOTE | |||
r-devel-windows-x86_64 | 1.0.0 | 3.00 | 253.00 | 256.00 | NOTE | |
r-patched-linux-x86_64 | 1.0.0 | 2.53 | 297.83 | 300.36 | NOTE | |
r-release-linux-x86_64 | 1.0.0 | 2.43 | 295.34 | 297.77 | NOTE | |
r-release-macos-arm64 | 1.0.0 | 131.00 | NOTE | |||
r-release-macos-x86_64 | 1.0.0 | 352.00 | NOTE | |||
r-release-windows-x86_64 | 1.0.0 | 3.00 | 257.00 | 260.00 | NOTE | |
r-oldrel-macos-arm64 | 1.0.0 | 117.00 | NOTE | |||
r-oldrel-macos-x86_64 | 1.0.0 | 314.00 | NOTE | |||
r-oldrel-windows-x86_64 | 1.0.0 | 4.00 | 378.00 | 382.00 | NOTE |
Version: 1.0.0
Check: package subdirectories
Result: NOTE
Problems with news in ‘NEWS.md’:
Cannot extract version info from the following section titles:
Version (Date)
Flavors: r-devel-linux-x86_64-debian-clang, r-devel-linux-x86_64-debian-gcc, r-devel-linux-x86_64-fedora-clang, r-devel-linux-x86_64-fedora-gcc, r-devel-windows-x86_64, r-patched-linux-x86_64, r-release-linux-x86_64, r-release-macos-arm64, r-release-macos-x86_64, r-release-windows-x86_64, r-oldrel-macos-arm64, r-oldrel-macos-x86_64, r-oldrel-windows-x86_64