Last updated on 2025-05-06 03:51:16 CEST.
Flavor | Version | Tinstall | Tcheck | Ttotal | Status | Flags |
---|---|---|---|---|---|---|
r-devel-linux-x86_64-debian-clang | 2.5.1 | 31.42 | 281.45 | 312.87 | NOTE | |
r-devel-linux-x86_64-debian-gcc | 2.5.1 | 18.00 | 171.65 | 189.65 | NOTE | |
r-devel-linux-x86_64-fedora-clang | 2.5.1 | 482.03 | OK | |||
r-devel-linux-x86_64-fedora-gcc | 2.5.1 | 461.35 | OK | |||
r-devel-windows-x86_64 | 2.5.1 | 28.00 | 212.00 | 240.00 | NOTE | |
r-patched-linux-x86_64 | 2.5.1 | 30.03 | 259.98 | 290.01 | NOTE | |
r-release-linux-x86_64 | 2.5.1 | 28.08 | 260.09 | 288.17 | NOTE | |
r-release-macos-arm64 | 2.5.1 | 108.00 | OK | |||
r-release-macos-x86_64 | 2.5.1 | 240.00 | OK | |||
r-release-windows-x86_64 | 2.5.1 | 27.00 | 213.00 | 240.00 | NOTE | |
r-oldrel-macos-arm64 | 2.5.1 | 100.00 | OK | |||
r-oldrel-macos-x86_64 | 2.5.1 | 178.00 | OK | |||
r-oldrel-windows-x86_64 | 2.5.1 | 40.00 | 301.00 | 341.00 | OK |
Version: 2.5.1
Check: Rd cross-references
Result: NOTE
Found the following Rd file(s) with Rd \link{} targets missing package
anchors:
stat_hollow_contour.Rd: aes, aes_, borders, layer
Please provide package anchors for all Rd \link{} targets not in the
package itself and the base packages.
Flavors: r-devel-linux-x86_64-debian-clang, r-devel-linux-x86_64-debian-gcc, r-devel-windows-x86_64, r-patched-linux-x86_64, r-release-linux-x86_64, r-release-windows-x86_64