Last updated on 2025-10-31 02:50:43 CET.
| Flavor | Version | Tinstall | Tcheck | Ttotal | Status | Flags | 
|---|---|---|---|---|---|---|
| r-devel-linux-x86_64-debian-clang | 0.6.0 | 3.25 | 182.45 | 185.70 | OK | |
| r-devel-linux-x86_64-debian-gcc | 0.6.0 | 2.11 | 133.30 | 135.41 | OK | |
| r-devel-linux-x86_64-fedora-clang | 0.6.0 | 277.34 | OK | |||
| r-devel-linux-x86_64-fedora-gcc | 0.6.0 | 344.89 | OK | |||
| r-devel-windows-x86_64 | 0.6.0 | 7.00 | 230.00 | 237.00 | OK | |
| r-patched-linux-x86_64 | 0.6.0 | 4.13 | 166.85 | 170.98 | OK | |
| r-release-linux-x86_64 | 0.6.0 | 2.92 | 167.86 | 170.78 | OK | |
| r-release-macos-arm64 | 0.6.0 | 1.00 | 175.00 | 176.00 | OK | |
| r-release-macos-x86_64 | 0.6.0 | 3.00 | 291.00 | 294.00 | OK | |
| r-release-windows-x86_64 | 0.6.0 | 9.00 | 225.00 | 234.00 | OK | |
| r-oldrel-macos-arm64 | 0.6.0 | 2.00 | 172.00 | 174.00 | NOTE | |
| r-oldrel-macos-x86_64 | 0.6.0 | 3.00 | 334.00 | 337.00 | NOTE | |
| r-oldrel-windows-x86_64 | 0.6.0 | 8.00 | 280.00 | 288.00 | NOTE | 
Version: 0.6.0
Check: installed package size
Result: NOTE
    installed size is  7.9Mb
    sub-directories of 1Mb or more:
      doc   6.9Mb
Flavors: r-oldrel-macos-arm64, r-oldrel-macos-x86_64, r-oldrel-windows-x86_64