Last updated on 2025-05-07 03:51:15 CEST.
Flavor | Version | Tinstall | Tcheck | Ttotal | Status | Flags |
---|---|---|---|---|---|---|
r-devel-linux-x86_64-debian-clang | 1.0.2 | 1.85 | 18.05 | 19.90 | NOTE | |
r-devel-linux-x86_64-debian-gcc | 1.0.2 | 1.39 | 15.12 | 16.51 | NOTE | |
r-devel-linux-x86_64-fedora-clang | 1.0.2 | 31.09 | OK | |||
r-devel-linux-x86_64-fedora-gcc | 1.0.2 | 29.27 | OK | |||
r-devel-windows-x86_64 | 1.0.2 | 2.00 | 38.00 | 40.00 | OK | |
r-patched-linux-x86_64 | 1.0.2 | 1.44 | 17.48 | 18.92 | OK | |
r-release-linux-x86_64 | 1.0.2 | 1.69 | 17.90 | 19.59 | OK | |
r-release-macos-arm64 | 1.0.2 | 17.00 | OK | |||
r-release-macos-x86_64 | 1.0.2 | 25.00 | OK | |||
r-release-windows-x86_64 | 1.0.2 | 3.00 | 44.00 | 47.00 | OK | |
r-oldrel-macos-arm64 | 1.0.2 | 15.00 | OK | |||
r-oldrel-macos-x86_64 | 1.0.2 | 24.00 | OK | |||
r-oldrel-windows-x86_64 | 1.0.2 | 2.00 | 39.00 | 41.00 | OK |
Version: 1.0.2
Check: CRAN incoming feasibility
Result: NOTE
Maintainer: ‘Muntashir-Al-Arefin <sheen4783@gmail.com>’
No Authors@R field in DESCRIPTION.
Please add one, modifying
Authors@R: c(person(family = "Muntashir-Al-Arefin",
role = c("aut", "cre"),
email = "sheen4783@gmail.com"),
person(given = c("Prof.", "Md.", "Ayub"),
family = "Al.",
role = "aut"))
as necessary.
Flavors: r-devel-linux-x86_64-debian-clang, r-devel-linux-x86_64-debian-gcc