Last updated on 2025-05-06 03:51:16 CEST.
Flavor | Version | Tinstall | Tcheck | Ttotal | Status | Flags |
---|---|---|---|---|---|---|
r-devel-linux-x86_64-debian-clang | 1.5 | 3.76 | 70.35 | 74.11 | NOTE | |
r-devel-linux-x86_64-debian-gcc | 1.5 | 2.70 | 44.37 | 47.07 | NOTE | |
r-devel-linux-x86_64-fedora-clang | 1.5 | 118.50 | OK | |||
r-devel-linux-x86_64-fedora-gcc | 1.5 | 122.75 | OK | |||
r-devel-windows-x86_64 | 1.5 | 6.00 | 100.00 | 106.00 | OK | |
r-patched-linux-x86_64 | 1.5 | 4.61 | 64.26 | 68.87 | OK | |
r-release-linux-x86_64 | 1.5 | 3.52 | 64.21 | 67.73 | OK | |
r-release-macos-arm64 | 1.5 | 44.00 | OK | |||
r-release-macos-x86_64 | 1.5 | 82.00 | OK | |||
r-release-windows-x86_64 | 1.5 | 11.00 | 96.00 | 107.00 | OK | |
r-oldrel-macos-arm64 | 1.5 | 39.00 | OK | |||
r-oldrel-macos-x86_64 | 1.5 | 65.00 | OK | |||
r-oldrel-windows-x86_64 | 1.5 | 7.00 | 87.00 | 94.00 | OK |
Version: 1.5
Check: CRAN incoming feasibility
Result: NOTE
Maintainer: ‘Darren Wilkinson <darrenjwilkinson@btinternet.com>’
No Authors@R field in DESCRIPTION.
Please add one, modifying
Authors@R: person(given = "Darren",
family = "Wilkinson",
role = c("aut", "cre"),
email = "darrenjwilkinson@btinternet.com")
as necessary.
Flavors: r-devel-linux-x86_64-debian-clang, r-devel-linux-x86_64-debian-gcc