CRAN Package Check Results for Package snapshot

Last updated on 2025-05-04 03:51:07 CEST.

Flavor Version Tinstall Tcheck Ttotal Status Flags
r-devel-linux-x86_64-debian-clang 0.1.2 1.79 17.55 19.34 NOTE
r-devel-linux-x86_64-debian-gcc 0.1.2 1.60 13.94 15.54 NOTE
r-devel-linux-x86_64-fedora-clang 0.1.2 29.96 NOTE
r-devel-linux-x86_64-fedora-gcc 0.1.2 30.98 NOTE
r-devel-windows-x86_64 0.1.2 3.00 39.00 42.00 NOTE
r-patched-linux-x86_64 0.1.2 2.06 16.74 18.80 NOTE
r-release-linux-x86_64 NOTE
r-release-macos-arm64 0.1.2 15.00 NOTE
r-release-macos-x86_64 0.1.2 22.00 NOTE
r-release-windows-x86_64 0.1.2 2.00 42.00 44.00 NOTE
r-oldrel-macos-arm64 0.1.2 14.00 NOTE
r-oldrel-macos-x86_64 0.1.2 20.00 NOTE
r-oldrel-windows-x86_64 0.1.2 3.00 36.00 39.00 NOTE

Check Details

Version: 0.1.2
Check: CRAN incoming feasibility
Result: NOTE Maintainer: ‘Aaron Robotham <aaron.robotham@uwa.edu.au>’ No Authors@R field in DESCRIPTION. Please add one, modifying Authors@R: person(given = "Aaron", family = "Robotham", role = c("aut", "cre"), email = "aaron.robotham@uwa.edu.au") as necessary. Flavors: r-devel-linux-x86_64-debian-clang, r-devel-linux-x86_64-debian-gcc

Version: 0.1.2
Check: DESCRIPTION meta-information
Result: NOTE Malformed Description field: should contain one or more complete sentences. Flavors: r-devel-linux-x86_64-debian-clang, r-devel-linux-x86_64-debian-gcc, r-devel-linux-x86_64-fedora-clang, r-devel-linux-x86_64-fedora-gcc, r-devel-windows-x86_64, r-patched-linux-x86_64, r-release-linux-x86_64, r-release-macos-arm64, r-release-macos-x86_64, r-release-windows-x86_64, r-oldrel-macos-arm64, r-oldrel-macos-x86_64, r-oldrel-windows-x86_64