CRAN Package Check Results for Package snowFT

Last updated on 2025-05-04 03:51:07 CEST.

Flavor Version Tinstall Tcheck Ttotal Status Flags
r-devel-linux-x86_64-debian-clang 1.6-1 2.31 18.20 20.51 NOTE
r-devel-linux-x86_64-debian-gcc 1.6-1 1.96 17.57 19.53 NOTE
r-devel-linux-x86_64-fedora-clang 1.6-1 44.83 OK
r-devel-linux-x86_64-fedora-gcc 1.6-1 43.30 OK
r-devel-windows-x86_64 1.6-1 4.00 58.00 62.00 OK
r-patched-linux-x86_64 1.6-1 2.61 17.85 20.46 OK
r-release-linux-x86_64 OK
r-release-macos-arm64 1.6-1 21.00 OK
r-release-macos-x86_64 1.6-1 36.00 OK
r-release-windows-x86_64 1.6-1 3.00 63.00 66.00 OK
r-oldrel-macos-arm64 1.6-1 22.00 NOTE
r-oldrel-macos-x86_64 1.6-1 31.00 NOTE
r-oldrel-windows-x86_64 1.6-1 3.00 57.00 60.00 OK

Check Details

Version: 1.6-1
Check: CRAN incoming feasibility
Result: NOTE Maintainer: ‘Hana Sevcikova <hanas@uw.edu>’ No Authors@R field in DESCRIPTION. Please add one, modifying Authors@R: c(person(given = "Hana", family = "Sevcikova", role = c("aut", "cre"), email = "hanas@uw.edu"), person(given = c("A.", "J."), family = "Rossini", role = "aut")) as necessary. Flavors: r-devel-linux-x86_64-debian-clang, r-devel-linux-x86_64-debian-gcc

Version: 1.6-1
Check: package dependencies
Result: NOTE Package suggested but not available for checking: ‘Rmpi’ Flavors: r-oldrel-macos-arm64, r-oldrel-macos-x86_64