Last updated on 2025-05-04 03:51:07 CEST.
Flavor | Version | Tinstall | Tcheck | Ttotal | Status | Flags |
---|---|---|---|---|---|---|
r-devel-linux-x86_64-debian-clang | 1.2.0 | 1.94 | 19.63 | 21.57 | NOTE | |
r-devel-linux-x86_64-debian-gcc | 1.2.0 | 1.49 | 16.00 | 17.49 | NOTE | |
r-devel-linux-x86_64-fedora-clang | 1.2.0 | 32.09 | OK | |||
r-devel-linux-x86_64-fedora-gcc | 1.2.0 | 30.08 | OK | |||
r-devel-windows-x86_64 | 1.2.0 | 3.00 | 49.00 | 52.00 | OK | |
r-patched-linux-x86_64 | 1.2.0 | 1.98 | 17.65 | 19.63 | OK | |
r-release-linux-x86_64 | OK | |||||
r-release-macos-arm64 | 1.2.0 | 20.00 | OK | |||
r-release-macos-x86_64 | 1.2.0 | 36.00 | OK | |||
r-release-windows-x86_64 | 1.2.0 | 3.00 | 40.00 | 43.00 | OK | |
r-oldrel-macos-arm64 | 1.2.0 | 16.00 | OK | |||
r-oldrel-macos-x86_64 | 1.2.0 | 29.00 | OK | |||
r-oldrel-windows-x86_64 | 1.2.0 | 3.00 | 42.00 | 45.00 | OK |
Version: 1.2.0
Check: CRAN incoming feasibility
Result: NOTE
Maintainer: ‘Jon Clayden <code@clayden.org>’
No Authors@R field in DESCRIPTION.
Please add one, modifying
Authors@R: person(given = "Jon",
family = "Clayden",
role = c("aut", "cre"),
email = "code@clayden.org")
as necessary.
Flavors: r-devel-linux-x86_64-debian-clang, r-devel-linux-x86_64-debian-gcc