Last updated on 2025-05-06 03:51:17 CEST.
Flavor | Version | Tinstall | Tcheck | Ttotal | Status | Flags |
---|---|---|---|---|---|---|
r-devel-linux-x86_64-debian-clang | 0.8.21 | 8.73 | 95.32 | 104.05 | NOTE | |
r-devel-linux-x86_64-debian-gcc | 0.8.21 | 6.48 | 68.98 | 75.46 | NOTE | |
r-devel-linux-x86_64-fedora-clang | 0.8.21 | 153.12 | NOTE | |||
r-devel-linux-x86_64-fedora-gcc | 0.8.21 | 169.82 | NOTE | |||
r-devel-windows-x86_64 | 0.8.21 | 11.00 | 95.00 | 106.00 | NOTE | |
r-patched-linux-x86_64 | 0.8.21 | 9.10 | 86.46 | 95.56 | NOTE | |
r-release-linux-x86_64 | 0.8.21 | 9.24 | 88.26 | 97.50 | NOTE | |
r-release-macos-arm64 | 0.8.21 | 51.00 | NOTE | |||
r-release-macos-x86_64 | 0.8.21 | 97.00 | NOTE | |||
r-release-windows-x86_64 | 0.8.21 | 13.00 | 103.00 | 116.00 | NOTE | |
r-oldrel-macos-arm64 | 0.8.21 | 45.00 | NOTE | |||
r-oldrel-macos-x86_64 | 0.8.21 | 69.00 | NOTE | |||
r-oldrel-windows-x86_64 | 0.8.21 | 14.00 | 117.00 | 131.00 | NOTE |
Version: 0.8.21
Check: Rd files
Result: NOTE
checkRd: (-1) load_sorvi_data.Rd:23: Lost braces in \itemize; meant \describe ?
Flavors: r-devel-linux-x86_64-debian-clang, r-devel-linux-x86_64-debian-gcc, r-devel-linux-x86_64-fedora-clang, r-devel-linux-x86_64-fedora-gcc, r-devel-windows-x86_64, r-patched-linux-x86_64, r-release-linux-x86_64, r-release-macos-arm64, r-release-macos-x86_64, r-release-windows-x86_64, r-oldrel-macos-arm64, r-oldrel-macos-x86_64, r-oldrel-windows-x86_64