Last updated on 2025-10-30 02:49:14 CET.
| Flavor | Version | Tinstall | Tcheck | Ttotal | Status | Flags | 
|---|---|---|---|---|---|---|
| r-devel-linux-x86_64-debian-clang | 0.1.0 | 44.64 | 49.65 | 94.29 | WARN | |
| r-devel-linux-x86_64-debian-gcc | 0.1.0 | 25.39 | 34.19 | 59.58 | WARN | |
| r-devel-linux-x86_64-fedora-clang | 0.1.0 | 102.00 | 73.88 | 175.88 | NOTE | |
| r-devel-linux-x86_64-fedora-gcc | 0.1.0 | 72.00 | 73.18 | 145.18 | NOTE | |
| r-devel-windows-x86_64 | 0.1.0 | 52.00 | 84.00 | 136.00 | NOTE | |
| r-patched-linux-x86_64 | 0.1.0 | 41.29 | 46.60 | 87.89 | NOTE | |
| r-release-linux-x86_64 | 0.1.0 | 42.52 | 46.56 | 89.08 | NOTE | |
| r-release-macos-arm64 | 0.1.0 | 14.00 | 24.00 | 38.00 | NOTE | |
| r-release-macos-x86_64 | 0.1.0 | 21.00 | 45.00 | 66.00 | NOTE | |
| r-release-windows-x86_64 | 0.1.0 | 53.00 | 81.00 | 134.00 | NOTE | |
| r-oldrel-macos-arm64 | 0.1.0 | 18.00 | 22.00 | 40.00 | NOTE | |
| r-oldrel-macos-x86_64 | 0.1.0 | 16.00 | 39.00 | 55.00 | NOTE | |
| r-oldrel-windows-x86_64 | 0.1.0 | 64.00 | 106.00 | 170.00 | NOTE | 
Version: 0.1.0
Check: CRAN incoming feasibility
Result: NOTE
  Maintainer: ‘Xingche Guo <xguo@iastate.edu>’
  
  No Authors@R field in DESCRIPTION.
  Please add one, modifying
    Authors@R: person(given = "Xingche",
                      family = "Guo",
                      role = c("aut", "cre"),
                      email = "xguo@iastate.edu")
  as necessary.
Flavors: r-devel-linux-x86_64-debian-clang, r-devel-linux-x86_64-debian-gcc
Version: 0.1.0
Check: whether package can be installed
Result: WARN
  Found the following significant warnings:
    /home/hornik/tmp/R.check/r-devel-clang/Work/build/Packages/RcppArmadillo/include/RcppArmadillo/version/arma.h:66:17: warning: Using fallback compilation with Armadillo 14.6.3. Please consider defining -DARMA_USE_CURRENT and also removing C++11 compilation directive. See GitHub issue #475 for more. [-W#pragma-messages]
  See ‘/home/hornik/tmp/R.check/r-devel-clang/Work/PKGS/spFW.Rcheck/00install.out’ for details.
  * used C++ compiler: ‘Debian clang version 19.1.7 (7)’
Flavor: r-devel-linux-x86_64-debian-clang
Version: 0.1.0
Check: C++ specification
Result: NOTE
    Specified C++11: please drop specification unless essential
Flavors: r-devel-linux-x86_64-debian-clang, r-devel-linux-x86_64-debian-gcc, r-devel-linux-x86_64-fedora-clang, r-devel-linux-x86_64-fedora-gcc, r-devel-windows-x86_64, r-patched-linux-x86_64, r-release-linux-x86_64, r-release-macos-arm64, r-release-macos-x86_64, r-release-windows-x86_64, r-oldrel-macos-arm64, r-oldrel-macos-x86_64, r-oldrel-windows-x86_64
Version: 0.1.0
Check: whether package can be installed
Result: WARN
  Found the following significant warnings:
    /home/hornik/tmp/R.check/r-devel-gcc/Work/build/Packages/RcppArmadillo/include/RcppArmadillo/version/arma.h:66:199: note: ‘#pragma message: Using fallback compilation with Armadillo 14.6.3. Please consider defining -DARMA_USE_CURRENT and also removing C++11 compilation directive. See GitHub issue #475 for more.’
  See ‘/home/hornik/tmp/R.check/r-devel-gcc/Work/PKGS/spFW.Rcheck/00install.out’ for details.
  * used C++ compiler: ‘g++-15 (Debian 15.2.0-4) 15.2.0’
Flavor: r-devel-linux-x86_64-debian-gcc