Last updated on 2025-05-07 03:51:15 CEST.
Flavor | Version | Tinstall | Tcheck | Ttotal | Status | Flags |
---|---|---|---|---|---|---|
r-devel-linux-x86_64-debian-clang | 0.2.0 | 4.17 | 41.47 | 45.64 | NOTE | |
r-devel-linux-x86_64-debian-gcc | 0.2.0 | 3.63 | 30.94 | 34.57 | NOTE | |
r-devel-linux-x86_64-fedora-clang | 0.2.0 | 73.38 | OK | |||
r-devel-linux-x86_64-fedora-gcc | 0.2.0 | 89.92 | OK | |||
r-devel-windows-x86_64 | 0.2.0 | 6.00 | 55.00 | 61.00 | OK | |
r-patched-linux-x86_64 | 0.2.0 | 4.93 | 39.61 | 44.54 | OK | |
r-release-linux-x86_64 | 0.2.0 | 4.94 | 39.72 | 44.66 | OK | |
r-release-macos-arm64 | 0.2.0 | 40.00 | OK | |||
r-release-macos-x86_64 | 0.2.0 | 64.00 | OK | |||
r-release-windows-x86_64 | 0.2.0 | 6.00 | 58.00 | 64.00 | OK | |
r-oldrel-macos-arm64 | 0.2.0 | 30.00 | OK | |||
r-oldrel-macos-x86_64 | 0.2.0 | 49.00 | OK | |||
r-oldrel-windows-x86_64 | 0.2.0 | 8.00 | 66.00 | 74.00 | OK |
Version: 0.2.0
Check: CRAN incoming feasibility
Result: NOTE
Maintainer: ‘Matthew E. Aiello-Lammens <matt.lammens@gmail.com>’
Package CITATION file contains call(s) to old-style personList() or
as.personList(). Please use c() on person objects instead.
Package CITATION file contains call(s) to old-style citEntry(). Please
use bibentry() instead.
Flavors: r-devel-linux-x86_64-debian-clang, r-devel-linux-x86_64-debian-gcc