Last updated on 2025-05-06 03:51:17 CEST.
Flavor | Version | Tinstall | Tcheck | Ttotal | Status | Flags |
---|---|---|---|---|---|---|
r-devel-linux-x86_64-debian-clang | 0.1.0 | 2.45 | 85.52 | 87.97 | NOTE | |
r-devel-linux-x86_64-debian-gcc | 0.1.0 | 1.69 | 72.30 | 73.99 | NOTE | |
r-devel-linux-x86_64-fedora-clang | 0.1.0 | 147.44 | OK | |||
r-devel-linux-x86_64-fedora-gcc | 0.1.0 | 188.48 | OK | |||
r-devel-windows-x86_64 | 0.1.0 | 3.00 | 107.00 | 110.00 | OK | |
r-patched-linux-x86_64 | 0.1.0 | 2.39 | 103.30 | 105.69 | OK | |
r-release-linux-x86_64 | 0.1.0 | 2.19 | 105.64 | 107.83 | OK | |
r-release-macos-arm64 | 0.1.0 | 58.00 | OK | |||
r-release-macos-x86_64 | 0.1.0 | 140.00 | OK | |||
r-release-windows-x86_64 | 0.1.0 | 3.00 | 105.00 | 108.00 | OK | |
r-oldrel-macos-arm64 | 0.1.0 | 58.00 | NOTE | |||
r-oldrel-macos-x86_64 | 0.1.0 | 94.00 | NOTE | |||
r-oldrel-windows-x86_64 | 0.1.0 | 3.00 | 139.00 | 142.00 | NOTE |
Version: 0.1.0
Check: CRAN incoming feasibility
Result: NOTE
Maintainer: ‘Daniel P. Palomar <daniel.p.palomar@gmail.com>’
Package CITATION file contains call(s) to old-style personList() or
as.personList(). Please use c() on person objects instead.
Package CITATION file contains call(s) to old-style citEntry(). Please
use bibentry() instead.
Flavors: r-devel-linux-x86_64-debian-clang, r-devel-linux-x86_64-debian-gcc
Version: 0.1.0
Check: LazyData
Result: NOTE
'LazyData' is specified without a 'data' directory
Flavors: r-oldrel-macos-arm64, r-oldrel-macos-x86_64, r-oldrel-windows-x86_64