Last updated on 2025-07-24 03:50:13 CEST.
Flavor | Version | Tinstall | Tcheck | Ttotal | Status | Flags |
---|---|---|---|---|---|---|
r-devel-linux-x86_64-debian-clang | 0.3.0 | 7.97 | 74.49 | 82.46 | NOTE | |
r-devel-linux-x86_64-debian-gcc | 0.3.0 | 5.95 | 50.86 | 56.81 | NOTE | |
r-devel-linux-x86_64-fedora-clang | 0.3.0 | 125.52 | OK | |||
r-devel-linux-x86_64-fedora-gcc | 0.3.0 | 116.14 | OK | |||
r-devel-windows-x86_64 | 0.3.0 | 10.00 | 96.00 | 106.00 | OK | |
r-patched-linux-x86_64 | 0.3.0 | 9.60 | 67.96 | 77.56 | OK | |
r-release-linux-x86_64 | 0.3.0 | 7.21 | 67.63 | 74.84 | OK | |
r-release-macos-arm64 | 0.3.0 | 32.00 | OK | |||
r-release-macos-x86_64 | 0.3.0 | 68.00 | OK | |||
r-release-windows-x86_64 | 0.3.0 | 11.00 | 94.00 | 105.00 | OK | |
r-oldrel-macos-arm64 | 0.3.0 | 32.00 | OK | |||
r-oldrel-macos-x86_64 | 0.3.0 | 66.00 | OK | |||
r-oldrel-windows-x86_64 | 0.3.0 | 13.00 | 110.00 | 123.00 | OK |
Version: 0.3.0
Check: CRAN incoming feasibility
Result: NOTE
Maintainer: ‘Max Kuhn <mxkuhn@gmail.com>’
The Description field contains
classifier from Ramey et al. (2017) <arXiv:1602.01182>. Other
Please refer to arXiv e-prints via their arXiv DOI <doi:10.48550/arXiv.YYMM.NNNNN>.
Flavors: r-devel-linux-x86_64-debian-clang, r-devel-linux-x86_64-debian-gcc