Last updated on 2025-05-06 03:51:17 CEST.
Flavor | Version | Tinstall | Tcheck | Ttotal | Status | Flags |
---|---|---|---|---|---|---|
r-devel-linux-x86_64-debian-clang | 0.2-2 | 7.62 | 64.82 | 72.44 | NOTE | |
r-devel-linux-x86_64-debian-gcc | 0.2-2 | 6.21 | 50.96 | 57.17 | NOTE | |
r-devel-linux-x86_64-fedora-clang | 0.2-2 | 110.99 | OK | |||
r-devel-linux-x86_64-fedora-gcc | 0.2-2 | 108.35 | OK | |||
r-devel-windows-x86_64 | 0.2-2 | 11.00 | 76.00 | 87.00 | NOTE | |
r-patched-linux-x86_64 | 0.2-2 | 7.23 | 64.89 | 72.12 | NOTE | |
r-release-linux-x86_64 | 0.2-2 | 6.70 | 65.63 | 72.33 | NOTE | |
r-release-macos-arm64 | 0.2-2 | 42.00 | OK | |||
r-release-macos-x86_64 | 0.2-2 | 78.00 | OK | |||
r-release-windows-x86_64 | 0.2-2 | 12.00 | 79.00 | 91.00 | NOTE | |
r-oldrel-macos-arm64 | 0.2-2 | 38.00 | OK | |||
r-oldrel-macos-x86_64 | 0.2-2 | 58.00 | OK | |||
r-oldrel-windows-x86_64 | 0.2-2 | 14.00 | 95.00 | 109.00 | OK |
Version: 0.2-2
Check: Rd cross-references
Result: NOTE
Found the following Rd file(s) with Rd \link{} targets missing package
anchors:
sparsesvd.Rd: dgCMatrix-class, sparseMatrix
Please provide package anchors for all Rd \link{} targets not in the
package itself and the base packages.
Flavors: r-devel-linux-x86_64-debian-clang, r-devel-linux-x86_64-debian-gcc, r-devel-windows-x86_64, r-patched-linux-x86_64, r-release-linux-x86_64, r-release-windows-x86_64