CRAN Package Check Results for Package specklestar

Last updated on 2025-05-07 03:51:15 CEST.

Flavor Version Tinstall Tcheck Ttotal Status Flags
r-devel-linux-x86_64-debian-clang 0.0.1.7 31.00 28.79 59.79 NOTE
r-devel-linux-x86_64-debian-gcc 0.0.1.7 20.38 25.64 46.02 NOTE
r-devel-linux-x86_64-fedora-clang 0.0.1.7 111.80 NOTE
r-devel-linux-x86_64-fedora-gcc 0.0.1.7 119.48 NOTE
r-devel-windows-x86_64 0.0.1.7 32.00 72.00 104.00 NOTE
r-patched-linux-x86_64 0.0.1.7 27.89 28.10 55.99 NOTE
r-release-linux-x86_64 0.0.1.7 28.78 28.12 56.90 NOTE
r-release-macos-arm64 0.0.1.7 41.00 NOTE
r-release-macos-x86_64 0.0.1.7 54.00 NOTE
r-release-windows-x86_64 0.0.1.7 33.00 73.00 106.00 NOTE
r-oldrel-macos-arm64 0.0.1.7 37.00 NOTE
r-oldrel-macos-x86_64 0.0.1.7 47.00 NOTE
r-oldrel-windows-x86_64 0.0.1.7 32.00 88.00 120.00 NOTE

Check Details

Version: 0.0.1.7
Check: CRAN incoming feasibility
Result: NOTE Maintainer: ‘Denis Rastegaev <drastega@gmail.com>’ No Authors@R field in DESCRIPTION. Please add one, modifying Authors@R: person(given = "Denis", family = "Rastegaev", role = c("aut", "cre"), email = "drastega@gmail.com") as necessary. Flavors: r-devel-linux-x86_64-debian-clang, r-devel-linux-x86_64-debian-gcc

Version: 0.0.1.7
Check: package subdirectories
Result: NOTE Problems with news in ‘NEWS.md’: Cannot extract version info from the following section titles: Roadmap of specklestar package Flavors: r-devel-linux-x86_64-debian-clang, r-devel-linux-x86_64-debian-gcc, r-devel-linux-x86_64-fedora-clang, r-devel-linux-x86_64-fedora-gcc, r-devel-windows-x86_64, r-patched-linux-x86_64, r-release-linux-x86_64, r-release-macos-arm64, r-release-macos-x86_64, r-release-windows-x86_64, r-oldrel-macos-arm64, r-oldrel-macos-x86_64, r-oldrel-windows-x86_64

Version: 0.0.1.7
Check: LazyData
Result: NOTE 'LazyData' is specified without a 'data' directory Flavors: r-oldrel-macos-arm64, r-oldrel-macos-x86_64, r-oldrel-windows-x86_64